{"id":1942,"date":"2024-09-06T10:01:31","date_gmt":"2024-09-06T07:01:31","guid":{"rendered":"https:\/\/yhdistykset.vihreat.fi\/ikavihreat\/?page_id=1942"},"modified":"2024-09-06T10:17:07","modified_gmt":"2024-09-06T07:17:07","slug":"yhdistys","status":"publish","type":"page","link":"https:\/\/yhdistykset.vihreat.fi\/ikavihreat\/yhdistys\/","title":{"rendered":"Yhdistys"},"content":{"rendered":"\n<p class=\"wp-block-paragraph\" style=\"margin-top:var(--wp--preset--spacing--30);margin-bottom:var(--wp--preset--spacing--30)\">Mit\u00e4 useampi on mukana toiminnassa, sit\u00e4 vaikuttavampaa toiminta on. <a href=\"https:\/\/asiointi.vihreat.fi\/liittymislomake\">Liity j\u00e4seneksi &#8211; asiointi.vihreat.fi<\/a> Ik\u00e4vihreill\u00e4 on vuonna&nbsp; 2024 kaksi paikallisyhdistyst\u00e4, Helsingin seudun Ikivihre\u00e4t ry (<a href=\"https:\/\/yhdistykset.vihreat.fi\/ikivi\">IKIVI<\/a>), ja&nbsp; Hyvink\u00e4\u00e4n Seudun Ikivihre\u00e4t ry. Ik\u00e4vihre\u00e4t on perustettu vuonna 2013. Yhdistys on Vanhusty\u00f6n Keskusliiton j\u00e4senj\u00e4rjest\u00f6.<\/p>\n\n\n\n<h3 class=\"wp-block-heading\" style=\"margin-top:var(--wp--preset--spacing--30);margin-bottom:var(--wp--preset--spacing--30)\"><strong>Kaikkien \u00e4\u00e4ni kuuluviin<\/strong><\/h3>\n\n\n\n<p class=\"wp-block-paragraph\">Suomen 5,6 miljoonasta asukkaasta el\u00e4kel\u00e4isi\u00e4 on 1,5&nbsp; miljoonaa. Vanhusten m\u00e4\u00e4r\u00e4 nousee, kiitos hyv\u00e4n terveydenhuollon ja koulutuksen. Samalla ik\u00e4ihmiset ovat entist\u00e4 terveempi\u00e4 ja aktiivisempia.<\/p>\n\n\n\n<p class=\"wp-block-paragraph\">Meist\u00e4 on t\u00e4rke\u00e4\u00e4, ett\u00e4 ik\u00e4ihmisten perusoikeudet toteutuvat. Syrjim\u00e4tt\u00f6myys ja oikeus osallistua yhteiskuntaan ja politiikkaan. Yhteiskunnan asiat koskevat kaiken ik\u00e4isi\u00e4. Ik\u00e4ihmisten pit\u00e4\u00e4 n\u00e4ky\u00e4 ja heid\u00e4n \u00e4\u00e4neens\u00e4 kuulua kaikkialla, miss\u00e4 yhteiskunnallisia p\u00e4\u00e4t\u00f6ksi\u00e4 tehd\u00e4\u00e4n &#8211; eduskunnassa, kunnanvaltuustossa, hyvinvointialueen valtuustossa. I\u00e4kk\u00e4\u00e4n henkil\u00f6n terveyden heiketess\u00e4 h\u00e4nell\u00e4 on oikeus riitt\u00e4viin sosiaali- ja terveyspalveluihin.<\/p>\n\n\n\n<p class=\"wp-block-paragraph\">Nykytilanteessa meit\u00e4 kiinnostavat ilmastokysymykset, vanhuspalveluiden huolestuttava tilanne, SOTEn kehitys ja vaikutukset, vanhuspalvelulain k\u00e4yt\u00e4nn\u00f6n toimeenpano ja vanhusten asioita koskevat kansalaisaloitteet. Juuri t\u00e4ll\u00e4 hetkell\u00e4 meit\u00e4 kiinnostaa hyvinvointialueiden toiminnan k\u00e4ynnistyminen. Kuudesta ehdokkaina olleista Ik\u00e4vihre\u00e4st\u00e4 kaksi valittiin hyvinvointialueen valtuustoon talven 2022 aluevaaleissa. Nyt ovat edess\u00e4&nbsp; Europarlamenttivaalit 9.6.2024. Ennakko\u00e4\u00e4nestys 29.5.-4.6.2024. <\/p>\n\n\n\n<h3 class=\"wp-block-heading\" style=\"margin-top:var(--wp--preset--spacing--30);margin-bottom:var(--wp--preset--spacing--30)\"><strong>Ik\u00e4syrjint\u00e4\u00e4 vastaan<\/strong><\/h3>\n\n\n\n<p class=\"wp-block-paragraph\">Ik\u00e4vihre\u00e4t vastustaa ika\u0308syrjinta\u0308a\u0308 ja puolustaa i\u00e4kk\u00e4iden perus- ja ihmisoikeuksia. Ik\u00e4ihmiset eiv\u00e4t ole kest\u00e4vyysvajeen syy. P\u00e4invastoin, ika\u0308ihmiset antavat merkitt\u00e4v\u00e4n ja monipuolisen panoksen niin omaksi kuin koko yhteiskunnan hyo\u0308dyksi. Ik\u00e4ihmiset maksavat veroa el\u00e4kkeest\u00e4\u00e4n sek\u00e4 hoitavat puolisoaan, vanhempiaan&nbsp;ja lapsenlapsiaan. He my\u00f6s t\u00e4ytt\u00e4v\u00e4t teatteriesitysten ja konserttien katsomot sek\u00e4&nbsp;kansalais- ja ty\u00f6v\u00e4enopistojen kurssit.<\/p>\n\n\n\n<h3 class=\"wp-block-heading\" style=\"margin-top:var(--wp--preset--spacing--30);margin-bottom:var(--wp--preset--spacing--30)\"><strong>Ik\u00e4vihre\u00e4t Euroopassa<\/strong><\/h3>\n\n\n\n<p class=\"wp-block-paragraph\">Ik\u00e4vihrea\u0308t ry on Euroopan Vihreiden Senioreiden (ENGS) ja\u0308sen ja pyrkii aktiivisesti vaikuttamaan hyva\u0308a\u0308n, ihmisarvoiseen ika\u0308a\u0308ntymiseen niin Suomessa kuin muuallakin Euroopassa.<\/p>\n\n\n\n<p class=\"wp-block-paragraph\" style=\"margin-top:var(--wp--preset--spacing--30);margin-bottom:var(--wp--preset--spacing--30)\"><strong>Tervetuloa \u2013 ota yhteytt\u00e4 jo t\u00e4n\u00e4\u00e4n facebookissa <a href=\"https:\/\/www.facebook.com\/groups\/ikavihreat\">Ik\u00e4vihre\u00e4t | Facebook<\/a> tai yksityisviesti messengerilla!<\/strong><\/p>\n\n\n\n<div style=\"height:30px\" aria-hidden=\"true\" class=\"wp-block-spacer\"><\/div>\n\n\n\n<figure class=\"wp-block-image size-large\"><a href=\"https:\/\/yhdistykset.vihreat.fi\/ikavihreat\/files\/2014\/04\/Ikivihre\u00e4t-Scan-122560000ABC1.jpg\"><img loading=\"lazy\" decoding=\"async\" width=\"1024\" height=\"287\" src=\"https:\/\/yhdistykset.vihreat.fi\/ikavihreat\/files\/2014\/04\/Ikivihre\u00e4t-Scan-122560000ABC1-1024x287.jpg\" alt=\"\" class=\"wp-image-218\" srcset=\"https:\/\/yhdistykset.vihreat.fi\/ikavihreat\/files\/2014\/04\/Ikivihre\u00e4t-Scan-122560000ABC1-1024x287.jpg 1024w, https:\/\/yhdistykset.vihreat.fi\/ikavihreat\/files\/2014\/04\/Ikivihre\u00e4t-Scan-122560000ABC1-300x84.jpg 300w, https:\/\/yhdistykset.vihreat.fi\/ikavihreat\/files\/2014\/04\/Ikivihre\u00e4t-Scan-122560000ABC1.jpg 1686w\" sizes=\"auto, (max-width: 1024px) 100vw, 1024px\" \/><\/a><\/figure>\n","protected":false},"excerpt":{"rendered":"<p>Mit\u00e4 useampi on mukana toiminnassa, sit\u00e4 vaikuttavampaa toiminta on. Liity j\u00e4seneksi &#8211; asiointi.vihreat.fi Ik\u00e4vihreill\u00e4 on vuonna&nbsp; 2024 kaksi paikallisyhdistyst\u00e4, Helsingin seudun Ikivihre\u00e4t ry (IKIVI), ja&nbsp; Hyvink\u00e4\u00e4n Seudun Ikivihre\u00e4t ry. Ik\u00e4vihre\u00e4t on perustettu vuonna 2013. Yhdistys on Vanhusty\u00f6n Keskusliiton j\u00e4senj\u00e4rjest\u00f6. Kaikkien \u00e4\u00e4ni kuuluviin Suomen 5,6 miljoonasta asukkaasta el\u00e4kel\u00e4isi\u00e4 on 1,5&nbsp; miljoonaa. Vanhusten m\u00e4\u00e4r\u00e4 nousee, kiitos hyv\u00e4n [&hellip;]<\/p>\n","protected":false},"author":865,"featured_media":757,"parent":0,"menu_order":0,"comment_status":"closed","ping_status":"closed","template":"","meta":{"_crdt_document":"","footnotes":""},"class_list":["post-1942","page","type-page","status-publish","has-post-thumbnail","hentry"],"yoast_head":"<!-- This site is optimized with the Yoast SEO plugin v27.1.1 - https:\/\/yoast.com\/product\/yoast-seo-wordpress\/ -->\n<title>Yhdistys - Ik\u00e4vihre\u00e4t<\/title>\n<meta name=\"robots\" content=\"index, follow, max-snippet:-1, max-image-preview:large, max-video-preview:-1\" \/>\n<link rel=\"canonical\" href=\"https:\/\/yhdistykset.vihreat.fi\/ikavihreat\/yhdistys\/\" \/>\n<meta property=\"og:locale\" content=\"fi_FI\" \/>\n<meta property=\"og:type\" content=\"article\" \/>\n<meta property=\"og:title\" content=\"Yhdistys - Ik\u00e4vihre\u00e4t\" \/>\n<meta property=\"og:description\" content=\"Mit\u00e4 useampi on mukana toiminnassa, sit\u00e4 vaikuttavampaa toiminta on. Liity j\u00e4seneksi &#8211; asiointi.vihreat.fi Ik\u00e4vihreill\u00e4 on vuonna&nbsp; 2024 kaksi paikallisyhdistyst\u00e4, Helsingin seudun Ikivihre\u00e4t ry (IKIVI), ja&nbsp; Hyvink\u00e4\u00e4n Seudun Ikivihre\u00e4t ry. Ik\u00e4vihre\u00e4t on perustettu vuonna 2013. Yhdistys on Vanhusty\u00f6n Keskusliiton j\u00e4senj\u00e4rjest\u00f6. Kaikkien \u00e4\u00e4ni kuuluviin Suomen 5,6 miljoonasta asukkaasta el\u00e4kel\u00e4isi\u00e4 on 1,5&nbsp; miljoonaa. Vanhusten m\u00e4\u00e4r\u00e4 nousee, kiitos hyv\u00e4n [&hellip;]\" \/>\n<meta property=\"og:url\" content=\"https:\/\/yhdistykset.vihreat.fi\/ikavihreat\/yhdistys\/\" \/>\n<meta property=\"og:site_name\" content=\"Ik\u00e4vihre\u00e4t\" \/>\n<meta property=\"article:modified_time\" content=\"2024-09-06T07:17:07+00:00\" \/>\n<meta property=\"og:image\" content=\"https:\/\/yhdistykset.vihreat.fi\/ikavihreat\/files\/2017\/10\/22256538_1366095663515855_4871618184335403959_o-e1725607021173-1200x320.jpg\" \/>\n\t<meta property=\"og:image:width\" content=\"1811\" \/>\n\t<meta property=\"og:image:height\" content=\"622\" \/>\n\t<meta property=\"og:image:type\" content=\"image\/jpeg\" \/>\n<meta name=\"twitter:card\" content=\"summary_large_image\" \/>\n<meta name=\"twitter:label1\" content=\"Arvioitu lukuaika\" \/>\n\t<meta name=\"twitter:data1\" content=\"2 minuuttia\" \/>\n<script type=\"application\/ld+json\" class=\"yoast-schema-graph\">{\"@context\":\"https:\/\/schema.org\",\"@graph\":[{\"@type\":\"WebPage\",\"@id\":\"https:\/\/yhdistykset.vihreat.fi\/ikavihreat\/yhdistys\/\",\"url\":\"https:\/\/yhdistykset.vihreat.fi\/ikavihreat\/yhdistys\/\",\"name\":\"Yhdistys - Ik\u00e4vihre\u00e4t\",\"isPartOf\":{\"@id\":\"https:\/\/yhdistykset.vihreat.fi\/ikavihreat\/#website\"},\"primaryImageOfPage\":{\"@id\":\"https:\/\/yhdistykset.vihreat.fi\/ikavihreat\/yhdistys\/#primaryimage\"},\"image\":{\"@id\":\"https:\/\/yhdistykset.vihreat.fi\/ikavihreat\/yhdistys\/#primaryimage\"},\"thumbnailUrl\":\"https:\/\/yhdistykset.vihreat.fi\/ikavihreat\/files\/2017\/10\/22256538_1366095663515855_4871618184335403959_o-e1725607021173-1200x320.jpg\",\"datePublished\":\"2024-09-06T07:01:31+00:00\",\"dateModified\":\"2024-09-06T07:17:07+00:00\",\"breadcrumb\":{\"@id\":\"https:\/\/yhdistykset.vihreat.fi\/ikavihreat\/yhdistys\/#breadcrumb\"},\"inLanguage\":\"fi\",\"potentialAction\":[{\"@type\":\"ReadAction\",\"target\":[\"https:\/\/yhdistykset.vihreat.fi\/ikavihreat\/yhdistys\/\"]}]},{\"@type\":\"ImageObject\",\"inLanguage\":\"fi\",\"@id\":\"https:\/\/yhdistykset.vihreat.fi\/ikavihreat\/yhdistys\/#primaryimage\",\"url\":\"https:\/\/yhdistykset.vihreat.fi\/ikavihreat\/files\/2017\/10\/22256538_1366095663515855_4871618184335403959_o-e1725607021173-1200x320.jpg\",\"contentUrl\":\"https:\/\/yhdistykset.vihreat.fi\/ikavihreat\/files\/2017\/10\/22256538_1366095663515855_4871618184335403959_o-e1725607021173-1200x320.jpg\",\"width\":1811,\"height\":622,\"caption\":\"Ryhm\u00e4kuva\"},{\"@type\":\"BreadcrumbList\",\"@id\":\"https:\/\/yhdistykset.vihreat.fi\/ikavihreat\/yhdistys\/#breadcrumb\",\"itemListElement\":[{\"@type\":\"ListItem\",\"position\":1,\"name\":\"Home\",\"item\":\"https:\/\/yhdistykset.vihreat.fi\/ikavihreat\/\"},{\"@type\":\"ListItem\",\"position\":2,\"name\":\"Yhdistys\"}]},{\"@type\":\"WebSite\",\"@id\":\"https:\/\/yhdistykset.vihreat.fi\/ikavihreat\/#website\",\"url\":\"https:\/\/yhdistykset.vihreat.fi\/ikavihreat\/\",\"name\":\"Ik\u00e4vihre\u00e4t\",\"description\":\"Ik\u00e4vihre\u00e4t ry:n yhdistyksen verkkosivu\",\"publisher\":{\"@id\":\"https:\/\/yhdistykset.vihreat.fi\/ikavihreat\/#organization\"},\"potentialAction\":[{\"@type\":\"SearchAction\",\"target\":{\"@type\":\"EntryPoint\",\"urlTemplate\":\"https:\/\/yhdistykset.vihreat.fi\/ikavihreat\/?s={search_term_string}\"},\"query-input\":{\"@type\":\"PropertyValueSpecification\",\"valueRequired\":true,\"valueName\":\"search_term_string\"}}],\"inLanguage\":\"fi\"},{\"@type\":\"Organization\",\"@id\":\"https:\/\/yhdistykset.vihreat.fi\/ikavihreat\/#organization\",\"name\":\"Ik\u00e4vihre\u00e4t\",\"url\":\"https:\/\/yhdistykset.vihreat.fi\/ikavihreat\/\",\"logo\":{\"@type\":\"ImageObject\",\"inLanguage\":\"fi\",\"@id\":\"https:\/\/yhdistykset.vihreat.fi\/ikavihreat\/#\/schema\/logo\/image\/\",\"url\":\"https:\/\/yhdistykset.vihreat.fi\/ikavihreat\/files\/2024\/09\/Ika\u0308vihrea\u0308t-logo.png\",\"contentUrl\":\"https:\/\/yhdistykset.vihreat.fi\/ikavihreat\/files\/2024\/09\/Ika\u0308vihrea\u0308t-logo.png\",\"width\":398,\"height\":76,\"caption\":\"Ik\u00e4vihre\u00e4t\"},\"image\":{\"@id\":\"https:\/\/yhdistykset.vihreat.fi\/ikavihreat\/#\/schema\/logo\/image\/\"}}]}<\/script>\n<!-- \/ Yoast SEO plugin. -->","yoast_head_json":{"title":"Yhdistys - Ik\u00e4vihre\u00e4t","robots":{"index":"index","follow":"follow","max-snippet":"max-snippet:-1","max-image-preview":"max-image-preview:large","max-video-preview":"max-video-preview:-1"},"canonical":"https:\/\/yhdistykset.vihreat.fi\/ikavihreat\/yhdistys\/","og_locale":"fi_FI","og_type":"article","og_title":"Yhdistys - Ik\u00e4vihre\u00e4t","og_description":"Mit\u00e4 useampi on mukana toiminnassa, sit\u00e4 vaikuttavampaa toiminta on. Liity j\u00e4seneksi &#8211; asiointi.vihreat.fi Ik\u00e4vihreill\u00e4 on vuonna&nbsp; 2024 kaksi paikallisyhdistyst\u00e4, Helsingin seudun Ikivihre\u00e4t ry (IKIVI), ja&nbsp; Hyvink\u00e4\u00e4n Seudun Ikivihre\u00e4t ry. Ik\u00e4vihre\u00e4t on perustettu vuonna 2013. Yhdistys on Vanhusty\u00f6n Keskusliiton j\u00e4senj\u00e4rjest\u00f6. Kaikkien \u00e4\u00e4ni kuuluviin Suomen 5,6 miljoonasta asukkaasta el\u00e4kel\u00e4isi\u00e4 on 1,5&nbsp; miljoonaa. Vanhusten m\u00e4\u00e4r\u00e4 nousee, kiitos hyv\u00e4n [&hellip;]","og_url":"https:\/\/yhdistykset.vihreat.fi\/ikavihreat\/yhdistys\/","og_site_name":"Ik\u00e4vihre\u00e4t","article_modified_time":"2024-09-06T07:17:07+00:00","og_image":[{"width":1811,"height":622,"url":"https:\/\/yhdistykset.vihreat.fi\/ikavihreat\/files\/2017\/10\/22256538_1366095663515855_4871618184335403959_o-e1725607021173-1200x320.jpg","type":"image\/jpeg"}],"twitter_card":"summary_large_image","twitter_misc":{"Arvioitu lukuaika":"2 minuuttia"},"schema":{"@context":"https:\/\/schema.org","@graph":[{"@type":"WebPage","@id":"https:\/\/yhdistykset.vihreat.fi\/ikavihreat\/yhdistys\/","url":"https:\/\/yhdistykset.vihreat.fi\/ikavihreat\/yhdistys\/","name":"Yhdistys - Ik\u00e4vihre\u00e4t","isPartOf":{"@id":"https:\/\/yhdistykset.vihreat.fi\/ikavihreat\/#website"},"primaryImageOfPage":{"@id":"https:\/\/yhdistykset.vihreat.fi\/ikavihreat\/yhdistys\/#primaryimage"},"image":{"@id":"https:\/\/yhdistykset.vihreat.fi\/ikavihreat\/yhdistys\/#primaryimage"},"thumbnailUrl":"https:\/\/yhdistykset.vihreat.fi\/ikavihreat\/files\/2017\/10\/22256538_1366095663515855_4871618184335403959_o-e1725607021173-1200x320.jpg","datePublished":"2024-09-06T07:01:31+00:00","dateModified":"2024-09-06T07:17:07+00:00","breadcrumb":{"@id":"https:\/\/yhdistykset.vihreat.fi\/ikavihreat\/yhdistys\/#breadcrumb"},"inLanguage":"fi","potentialAction":[{"@type":"ReadAction","target":["https:\/\/yhdistykset.vihreat.fi\/ikavihreat\/yhdistys\/"]}]},{"@type":"ImageObject","inLanguage":"fi","@id":"https:\/\/yhdistykset.vihreat.fi\/ikavihreat\/yhdistys\/#primaryimage","url":"https:\/\/yhdistykset.vihreat.fi\/ikavihreat\/files\/2017\/10\/22256538_1366095663515855_4871618184335403959_o-e1725607021173-1200x320.jpg","contentUrl":"https:\/\/yhdistykset.vihreat.fi\/ikavihreat\/files\/2017\/10\/22256538_1366095663515855_4871618184335403959_o-e1725607021173-1200x320.jpg","width":1811,"height":622,"caption":"Ryhm\u00e4kuva"},{"@type":"BreadcrumbList","@id":"https:\/\/yhdistykset.vihreat.fi\/ikavihreat\/yhdistys\/#breadcrumb","itemListElement":[{"@type":"ListItem","position":1,"name":"Home","item":"https:\/\/yhdistykset.vihreat.fi\/ikavihreat\/"},{"@type":"ListItem","position":2,"name":"Yhdistys"}]},{"@type":"WebSite","@id":"https:\/\/yhdistykset.vihreat.fi\/ikavihreat\/#website","url":"https:\/\/yhdistykset.vihreat.fi\/ikavihreat\/","name":"Ik\u00e4vihre\u00e4t","description":"Ik\u00e4vihre\u00e4t ry:n yhdistyksen verkkosivu","publisher":{"@id":"https:\/\/yhdistykset.vihreat.fi\/ikavihreat\/#organization"},"potentialAction":[{"@type":"SearchAction","target":{"@type":"EntryPoint","urlTemplate":"https:\/\/yhdistykset.vihreat.fi\/ikavihreat\/?s={search_term_string}"},"query-input":{"@type":"PropertyValueSpecification","valueRequired":true,"valueName":"search_term_string"}}],"inLanguage":"fi"},{"@type":"Organization","@id":"https:\/\/yhdistykset.vihreat.fi\/ikavihreat\/#organization","name":"Ik\u00e4vihre\u00e4t","url":"https:\/\/yhdistykset.vihreat.fi\/ikavihreat\/","logo":{"@type":"ImageObject","inLanguage":"fi","@id":"https:\/\/yhdistykset.vihreat.fi\/ikavihreat\/#\/schema\/logo\/image\/","url":"https:\/\/yhdistykset.vihreat.fi\/ikavihreat\/files\/2024\/09\/Ika\u0308vihrea\u0308t-logo.png","contentUrl":"https:\/\/yhdistykset.vihreat.fi\/ikavihreat\/files\/2024\/09\/Ika\u0308vihrea\u0308t-logo.png","width":398,"height":76,"caption":"Ik\u00e4vihre\u00e4t"},"image":{"@id":"https:\/\/yhdistykset.vihreat.fi\/ikavihreat\/#\/schema\/logo\/image\/"}}]}},"_links":{"self":[{"href":"https:\/\/yhdistykset.vihreat.fi\/ikavihreat\/wp-json\/wp\/v2\/pages\/1942","targetHints":{"allow":["GET"]}}],"collection":[{"href":"https:\/\/yhdistykset.vihreat.fi\/ikavihreat\/wp-json\/wp\/v2\/pages"}],"about":[{"href":"https:\/\/yhdistykset.vihreat.fi\/ikavihreat\/wp-json\/wp\/v2\/types\/page"}],"author":[{"embeddable":true,"href":"https:\/\/yhdistykset.vihreat.fi\/ikavihreat\/wp-json\/wp\/v2\/users\/865"}],"replies":[{"embeddable":true,"href":"https:\/\/yhdistykset.vihreat.fi\/ikavihreat\/wp-json\/wp\/v2\/comments?post=1942"}],"version-history":[{"count":3,"href":"https:\/\/yhdistykset.vihreat.fi\/ikavihreat\/wp-json\/wp\/v2\/pages\/1942\/revisions"}],"predecessor-version":[{"id":1965,"href":"https:\/\/yhdistykset.vihreat.fi\/ikavihreat\/wp-json\/wp\/v2\/pages\/1942\/revisions\/1965"}],"wp:featuredmedia":[{"embeddable":true,"href":"https:\/\/yhdistykset.vihreat.fi\/ikavihreat\/wp-json\/wp\/v2\/media\/757"}],"wp:attachment":[{"href":"https:\/\/yhdistykset.vihreat.fi\/ikavihreat\/wp-json\/wp\/v2\/media?parent=1942"}],"curies":[{"name":"wp","href":"https:\/\/api.w.org\/{rel}","templated":true}]}}