{"id":27097,"date":"2021-03-04T21:37:11","date_gmt":"2021-03-04T19:37:11","guid":{"rendered":"https:\/\/yhdistykset.vihreat.fi\/muuramen.vihreat\/?page_id=27097"},"modified":"2021-04-06T12:37:15","modified_gmt":"2021-04-06T09:37:15","slug":"ehdokas-luka-lindqvist","status":"publish","type":"page","link":"https:\/\/yhdistykset.vihreat.fi\/muuramen.vihreat\/ehdokas-luka-lindqvist\/","title":{"rendered":"Ehdokas: Luka Lindqvist"},"content":{"rendered":"<p>[et_pb_section fb_built=&#8221;1&#8243; _builder_version=&#8221;4.8.1&#8243; _module_preset=&#8221;default&#8221;][et_pb_row _builder_version=&#8221;4.8.1&#8243; _module_preset=&#8221;default&#8221; width=&#8221;100%&#8221;][et_pb_column type=&#8221;4_4&#8243; _builder_version=&#8221;4.8.1&#8243; _module_preset=&#8221;default&#8221;][et_pb_team_member name=&#8221;Luka Lindqvist&#8221; position=&#8221;Kunnanvaltuutettu, Tietojenk\u00e4sittelyn tradenomi&#8221; image_url=&#8221;https:\/\/s3.eu-central-1.amazonaws.com\/avoine.senseweb\/vihreat\/Luka_Lindqvist_1608064031.jpg&#8221; facebook_url=&#8221;https:\/\/www.facebook.com\/vihrealukalindqvist&#8221; twitter_url=&#8221;https:\/\/twitter.com\/LukaLindqvist&#8221; google_url=&#8221;https:\/\/www.instagram.com\/lukalindqvist\/&#8221; _builder_version=&#8221;4.9.1&#8243; _module_preset=&#8221;default&#8221; hover_enabled=&#8221;0&#8243; sticky_enabled=&#8221;0&#8243;]<\/p>\n<div>Olen ensimm\u00e4isen kauden valtuutettu, Muuramen vihreiden puheenjohtaja ja Keski-Suomen Vihreiden piirihallituksen j\u00e4sen.<\/div>\n<div>&nbsp;<\/div>\n<div>Olen asunut Muuramen Kinkomaalla vuodesta 1996. Alueen luonto, rauhallisuus ja l\u00e4heisyys moniin palveluihin houkuttivat. Yhteiskunnalliseen vaikuttamiseen l\u00e4hdin enemm\u00e4n mukaan vuonna 2016, kun ker\u00e4sin paljon nimi\u00e4 kuuteen kuntalaisaloitteeseen kuten Kinkovuorentien kevyenliikenteenv\u00e4yl\u00e4 ja Kinkomaan kirjasto. Kinkomaan kirjasto tulee uuteen koulun laajennukseen omatoimikirjastona ja Kinkovuoren kevyenliikenteenv\u00e4yl\u00e4n suunnitelmat ja sen rahoitusosuus on hyv\u00e4ksytty Jyv\u00e4skyl\u00e4ss\u00e4 ja Muuramessa (yhteens\u00e4 50 % kokonaiskustannuksista).<\/div>\n<div>&nbsp;<\/div>\n<div>Olen koulutukseltani Tietojenk\u00e4sittelyn tradenomi Jyv\u00e4skyl\u00e4n ammattikorkeakoulusta. Lis\u00e4ksi olen opiskellut tietoj\u00e4rjestelm\u00e4tieteit\u00e4 ja kaupallisia aineita Jyv\u00e4skyl\u00e4n yliopistossa ja yritt\u00e4jyytt\u00e4 ja liiketoimintaosaamista Jyv\u00e4skyl\u00e4n ammattikorkeakoulussa. Ty\u00f6ss\u00e4 olen ollut monenlaisissa ICT-alan ja palvelualan ty\u00f6paikoissa, Startup-yrityksist\u00e4 vakiintuneempiin, kuten Jyv\u00e4skyl\u00e4n avoimessa yliopistossa ja Muuramen kunnassa.<\/div>\n<div>&nbsp;<\/div>\n<h2><span style=\"font-size: large;\">Vaaliteemat<\/span><\/h2>\n<div><b>1. Ahkeruus ja yhteisty\u00f6<\/b><\/div>\n<div>Vain osallistumalla voi vaikuttaa. Olen k\u00e4ytt\u00e4nyt paljon aikaani luottamustoimien hoitoon ja niin k\u00e4ytt\u00e4isin jatkossakin. T\u00e4rkeimm\u00e4t luottamustoimeni ovat Muuramen valtuusto, Elinvoiman ja kest\u00e4v\u00e4n kasvun lautakunta ja KSSHP:n tarkastuslautakunta. Valtuustokauden aikana olen ollut poissa n\u00e4ist\u00e4 yhteens\u00e4 yhden kerran. Valtuustossa olen tehnyt 14 aloitetta ja 13 kyselytuntikysymyst\u00e4. Lautakunnassa olen ollut aktiivisin esityslistaan tehtyjen muutosehdotusten tekij\u00e4. KSSHP:n Tarkastuslautakunnassa olen ollut aktiivinen ja tehnyt kaksi aloitetta Sairaanhoitopiirin valtuustolle.<\/div>\n<div>&nbsp;<\/div>\n<div>Parempi kunta rakennetaan p\u00e4\u00e4t\u00f6s kerrallaan yhteisty\u00f6t\u00e4 tehden. Muurame-henki on monin tavoin hyv\u00e4 ohjeistus ja voitaisiin j\u00e4lleen tuoda esiin paremmin.<\/div>\n<div>&nbsp;<\/div>\n<div><b>2. Jalankulku- ja py\u00f6r\u00e4ilyv\u00e4ylien rakentamisen edist\u00e4minen<\/b><\/div>\n<div>Tarvitaan kaksi jalankulku- ja py\u00f6r\u00e4ilyv\u00e4yl\u00e4\u00e4 Muuramesta Jyv\u00e4skyl\u00e4\u00e4n. Kinkovuorentien v\u00e4yl\u00e4 on edistynyt ja k\u00e4yt\u00e4nn\u00f6ss\u00e4 tarvitsisi en\u00e4\u00e4 50 % rahoitusta. Muuramen keskustan ja Jyv\u00e4skyl\u00e4n Keljonkankaan yhdist\u00e4v\u00e4\u00e4 v\u00e4yl\u00e4\u00e4 tarvitaan my\u00f6s.<\/div>\n<div>&nbsp;<\/div>\n<div><b>3. Luonto<\/b><\/div>\n<div>T\u00e4m\u00e4n p\u00e4iv\u00e4n p\u00e4\u00e4t\u00f6kset n\u00e4kyv\u00e4t pitk\u00e4\u00e4n ja niiden vaikutukset tulisi huomioida entist\u00e4 paremmin, niin ett\u00e4 my\u00f6s tuleville sukupolville mahdollistetaan hyv\u00e4 el\u00e4m\u00e4. Kauden iso asia oli Vitapoliksen alueen kaava, johon k\u00e4ytin paljon aikaa. Tein esimerkiksi kolme aloitetta vedest\u00e4 ja lukuisia ehdotuksia kaavaan.<\/div>\n<p>&nbsp;<\/p>\n<div><b>Luottamusteht\u00e4v\u00e4t 2017\u20132021<\/b><\/div>\n<div>Muuramen kunta, kunnanvaltuutettu<\/div>\n<div>Elinvoiman ja kest\u00e4v\u00e4n kasvun lautakunnan j\u00e4sen<\/div>\n<div>Keski-Suomen Sairaanhoitopiiri (KSSHP), tarkastuslautakunnan j\u00e4sen<\/div>\n<div>Keski-Suomen Vihre\u00e4t, piirihallituksen j\u00e4sen 2018-<\/div>\n<div>Muuramen Vihre\u00e4t, puheenjohtaja 2019-<\/div>\n<p>&nbsp;<\/p>\n<div><b>Aikaisempaa yhdistystoimintaa ja osallistumista<\/b><\/div>\n<div>Kinkomaan kyl\u00e4yhdistys, varapuheenjohtaja 2017 (yksi vuosi)<\/div>\n<div>Jyv\u00e4sriihi, hallituksen varaj\u00e4sen 3\/2015-3\/2017<\/div>\n<div>Jyv\u00e4skyl\u00e4n seudun joukkoliikenne, asiakasraati 2016- (perustamisesta saakka)<\/div>\n<p>&nbsp;<\/p>\n<div><b>Harrastukset<\/b><\/div>\n<div>Lukeminen, liikunta (sauvak\u00e4vely, py\u00f6r\u00e4ily), luonto (l\u00e4himatkailu, marjastus ja sienestys), mobiilipelaaminen (AR). Olen ajanut polkupy\u00f6r\u00e4ll\u00e4 valtuustokauden aikana noin 99 % muuramelaisista teist\u00e4, mik\u00e4 vahvisti paikallistuntemusta lautakunnassa ja valtuustossa.<\/div>\n<p>&nbsp;<\/p>\n<div><b>Vaalikoneet<\/b><\/div>\n<div>Allianssin nuorten vaalikone<\/div>\n<div>Sanoman vaalikoneet (Helsingin Sanomat, Ilta-Sanomat)<\/div>\n<div>Iltalehden vaalikone<\/div>\n<div>Keski-Suomalaisen vaalikone<\/div>\n<div>OAJ:n vaalikone<\/div>\n<div>Ylen vaalikone<\/div>\n<div>Ylen mediakumppanien vaalikoneet, Apu, MTV, Kuntalehti ja Maaseudun tulevaisuus<\/div>\n<p>&nbsp;<\/p>\n<div><b>Olen allekirjoittanut\/mukana<\/b><\/div>\n<div>T\u00e4rkeint\u00e4 kirjastossa<\/div>\n<div>Py\u00f6r\u00e4vaalit 2021<\/div>\n<div>Ammattiliitto Pro<\/div>\n<div>Joutsenmerkki vastuulliset hankinnat<\/div>\n<div>Terveysehdokas<\/div>\n<p>&nbsp;<\/p>\n<p><a class=\"muuvi_kotisivu\" href=\"http:\/\/lukalindqvist.blogspot.com\/\" target=\"_blank\" rel=\"noopener\">http:\/\/lukalindqvist.blogspot.com\/<\/a>[\/et_pb_team_member][\/et_pb_column][\/et_pb_row][\/et_pb_section]<\/p>\n","protected":false},"excerpt":{"rendered":"<p>[et_pb_section fb_built=&#8221;1&#8243; _builder_version=&#8221;4.8.1&#8243; _module_preset=&#8221;default&#8221;][et_pb_row _builder_version=&#8221;4.8.1&#8243; _module_preset=&#8221;default&#8221; width=&#8221;100%&#8221;][et_pb_column type=&#8221;4_4&#8243; _builder_version=&#8221;4.8.1&#8243; _module_preset=&#8221;default&#8221;][et_pb_team_member name=&#8221;Luka Lindqvist&#8221; position=&#8221;Kunnanvaltuutettu, Tietojenk\u00e4sittelyn tradenomi&#8221; image_url=&#8221;https:\/\/s3.eu-central-1.amazonaws.com\/avoine.senseweb\/vihreat\/Luka_Lindqvist_1608064031.jpg&#8221; facebook_url=&#8221;https:\/\/www.facebook.com\/vihrealukalindqvist&#8221; twitter_url=&#8221;https:\/\/twitter.com\/LukaLindqvist&#8221; google_url=&#8221;https:\/\/www.instagram.com\/lukalindqvist\/&#8221; _builder_version=&#8221;4.9.1&#8243; _module_preset=&#8221;default&#8221; hover_enabled=&#8221;0&#8243; sticky_enabled=&#8221;0&#8243;] Olen ensimm\u00e4isen kauden valtuutettu, Muuramen vihreiden puheenjohtaja ja Keski-Suomen Vihreiden piirihallituksen j\u00e4sen. &nbsp; Olen asunut Muuramen Kinkomaalla vuodesta 1996. Alueen luonto, rauhallisuus ja l\u00e4heisyys moniin palveluihin houkuttivat. Yhteiskunnalliseen vaikuttamiseen l\u00e4hdin enemm\u00e4n mukaan [&hellip;]<\/p>\n","protected":false},"author":1108,"featured_media":0,"parent":0,"menu_order":0,"comment_status":"closed","ping_status":"closed","template":"","meta":{"_crdt_document":"","footnotes":""},"class_list":["post-27097","page","type-page","status-publish","hentry"],"_links":{"self":[{"href":"https:\/\/yhdistykset.vihreat.fi\/muuramen.vihreat\/wp-json\/wp\/v2\/pages\/27097","targetHints":{"allow":["GET"]}}],"collection":[{"href":"https:\/\/yhdistykset.vihreat.fi\/muuramen.vihreat\/wp-json\/wp\/v2\/pages"}],"about":[{"href":"https:\/\/yhdistykset.vihreat.fi\/muuramen.vihreat\/wp-json\/wp\/v2\/types\/page"}],"author":[{"embeddable":true,"href":"https:\/\/yhdistykset.vihreat.fi\/muuramen.vihreat\/wp-json\/wp\/v2\/users\/1108"}],"replies":[{"embeddable":true,"href":"https:\/\/yhdistykset.vihreat.fi\/muuramen.vihreat\/wp-json\/wp\/v2\/comments?post=27097"}],"version-history":[{"count":17,"href":"https:\/\/yhdistykset.vihreat.fi\/muuramen.vihreat\/wp-json\/wp\/v2\/pages\/27097\/revisions"}],"predecessor-version":[{"id":27188,"href":"https:\/\/yhdistykset.vihreat.fi\/muuramen.vihreat\/wp-json\/wp\/v2\/pages\/27097\/revisions\/27188"}],"wp:attachment":[{"href":"https:\/\/yhdistykset.vihreat.fi\/muuramen.vihreat\/wp-json\/wp\/v2\/media?parent=27097"}],"curies":[{"name":"wp","href":"https:\/\/api.w.org\/{rel}","templated":true}]}}