{"id":26545,"date":"2020-09-22T14:47:27","date_gmt":"2020-09-22T12:47:27","guid":{"rendered":"https:\/\/yhdistykset.vihreat.fi\/pietarsaaren.vihreat\/?page_id=26545"},"modified":"2020-09-22T14:47:27","modified_gmt":"2020-09-22T12:47:27","slug":"vihreiden-vastalause-valiokunnan-lausuntoon","status":"publish","type":"page","link":"https:\/\/yhdistykset.vihreat.fi\/pietarsaaren.vihreat\/vihreiden-vastalause-valiokunnan-lausuntoon\/","title":{"rendered":"Vihreiden vastalause valiokunnan lausuntoon"},"content":{"rendered":"<p><strong>Kirjallinen vastalause koskien v\u00e4liaikaisen valiokunnan lausuntoa konsernijohdon menettelytavasta Pietarsaaren Satama Oy:n ja Ekofish Ab:n v\u00e4lisen vuokrasopimuksen k\u00e4sittelyss\u00e4.<\/strong><\/p>\n<p>Tilap\u00e4inen valiokunta asetettiin tarkistamaan, antoiko kaupunginhallitus tyydytt\u00e4v\u00e4n vastauksen valtuutettu Anna-Maija Lyyran 16.9.2019 esitt\u00e4m\u00e4\u00e4n kirjalliseen kysymykseen ja onko kaupungin konsernijohto toiminut vuokrasopimuksen suhteen asianmukaisesti.<\/p>\n<p>Mielest\u00e4ni, toisin kuin tilap\u00e4isen valiokunnan lausunnossa todetaan, Pietarsaaren kaupungin konsernijohto ei ole toiminut asianmukaisesti Satama Oy:n ja kalanviljely-yritys Ekofish Ab:n v\u00e4lisess\u00e4 vuokrasopimuksessa.<\/p>\n<p>Kaupungin konserniohjeella luodaan puitteet omistajaohjaukselle kaupungin tavoitteiden mukaisesti. Sen avulla kuntakonsernin ja kaupungin muuta toimintaa voidaan johtaa kokonaisuutena yhten\u00e4isin periaattein ja kuntakonsernin kokonaisetu huomioon ottaen.<\/p>\n<p>Omistajaohjausta ei saa k\u00e4ytt\u00e4\u00e4 siten, ett\u00e4 yhteis\u00f6n p\u00e4\u00e4t\u00f6s ja toimenpide on omiaan tuottamaan yhteis\u00f6n toiselle omistajalle tai muulle ep\u00e4oikeutettua etua yhteis\u00f6n tai yhteison toisen omistajan kustannuksella.<\/p>\n<p>T\u00e4ss\u00e4 tapauksessa ongelman muodostaa omistajaohjauksen puute.<\/p>\n<p>Konserniohjeessa on ehdot, joiden toteutuessa tyt\u00e4ryhti\u00f6it\u00e4 neuvotaan hakemaan konsernihallinnolta, josta vastaavat kaupunginjohtaja ja kaupunginhallitus yhdess\u00e4, kirjallinen mielipide.<\/p>\n<p>Mielest\u00e4ni konserniohjetta tulee tulkita siten, ett\u00e4 Pietarsaaren Satama Oy:n olisi tullut pyyt\u00e4\u00e4 konserniohjaukselta kirjallinen mielipide ennen vuokrasopimuksen solmimista Ecofish Oy:n kanssa.<\/p>\n<p>Valiokunta kiinnitti huomiota konserniohjauksen tarpeeseen merkitt\u00e4viss\u00e4 taloudellisissa kysymyksiss\u00e4. Koska vuokrasopimuksen tuotto tulee muodostamaan vain pienen osan Satama Oy:n tuloista, pidettiin hankkeen salailua oikeutettuna. Konserniohjeessa on my\u00f6s kohdat:<\/p>\n<ul>\n<li>T\u00e4rke\u00e4n ominaisuuden tai oikeuksien (ml. Immateriaalioikeudet) merkitt\u00e4v\u00e4 hankkiminen, myyminen, luovuttaminen tai panttaaminen<\/li>\n<li>Periaatteelliset ja taloudellisesti merkitt\u00e4v\u00e4t sopimukset ja toiminnan laajakantoiset muutokset, merkitt\u00e4v\u00e4t henkil\u00f6poliittiset ratkaisut.<\/li>\n<\/ul>\n<p><strong>Vuokrasopimus<\/strong><\/p>\n<p>Kalanviljelylaitos tulee mahdollisesti lis\u00e4\u00e4m\u00e4\u00e4n Pietarsaaren edustan merialueisiin kohdistuvaa ymp\u00e4rist\u00f6rasitusta merkitt\u00e4v\u00e4sti ja se on aiheuttanut valtavasti huolta alueen asukkaissa. Kyseess\u00e4 on kokonaan uudenlaisen, tunnetusti ymp\u00e4rist\u00f6\u00f6ns\u00e4 vaikuttavan, elinkeinon kiinnittyminen alueelle.<\/p>\n<p>Ohittamalla n\u00e4m\u00e4 asiat, ja kiinnitt\u00e4m\u00e4ll\u00e4 huomiota vain vuokrasopimuksen v\u00e4h\u00e4iseen tuottoon, Satama Oy ohitti vastuunsa tiedottaa ja pyyt\u00e4\u00e4 konserniohjausta. Kaupungin hallinnon sel\u00e4n takana toimiminen aiheuttaa ep\u00e4luottamusta yhti\u00f6n nykyist\u00e4 hallitusta kohtaan.<\/p>\n<p>Kalankasvatus ja suunniteltu perkuulaitos poikkeavat Satama Oy:n entisenlaisesta toiminnasta. Yksik\u00e4\u00e4n aikaisempi vuokrasopimus ei ole sis\u00e4lt\u00e4nyt el\u00e4vien olentojen kuljettamista satama-altaaseen, nostamista ja lopettamista Satama Oy:n alueen tiloissa. Vaikea kuvitella, miten hanke edistaa muun satamatoiminnan harjoittamista.<\/p>\n<p>Toinen asia, josta voidaan tulkita, ettei Satama Oy:n nykyinen hallitus ole teht\u00e4viens\u00e4 tasalla, on teknisen lautakunnan yksitt\u00e4isen p\u00e4\u00e4t\u00f6ksen tulkitseminen omaa toimintaa ohjaavaksi.<\/p>\n<p>Mik\u00e4li jo tyhjien viljelykassien s\u00e4ilytys vaatii lautakuntak\u00e4sittelyn, niin miten mahdollisilta ymp\u00e4rist\u00f6seurauksiltaan n\u00e4in mittavan hankkeen, nostopaikan ja perkuulaitoksen perustaminen, voisi olla yhti\u00f6n hallituksen itsen\u00e4isess\u00e4 p\u00e4\u00e4t\u00f6svallassa? Satama Oy:lle vuokratut vesialueet ovat kuitenkin kaupungin omistuksessa.<\/p>\n<p>Hanke on ollut jossain m\u00e4\u00e4rin vireill\u00e4 kes\u00e4st\u00e4 2018 saakka.<\/p>\n<p><strong>Johtop\u00e4\u00e4t\u00f6s<\/strong><\/p>\n<p>Pietarsaaren Satama Oy ei ole toiminut vastuullisesti tehdess\u00e4\u00e4n vuokrasopimuksen Ecofish Oy:n kanssa. Lis\u00e4ksi kaupungin konsernijohto ei ole toiminut asemansa edellytt\u00e4m\u00e4ll\u00e4 tavalla sulkiessaan silm\u00e4ns\u00e4 t\u00e4lt\u00e4 valtavalta, merialueen terveyteen vaikuttavalta hankkeelta. Konserniohjauksen teht\u00e4v\u00e4n\u00e4 on hoitaa ja vaalia kaupunkilaisten yhteist\u00e4 omaisuutta.<\/p>\n<p>Samalla tavoin kuin talvis\u00e4ilytyspaikan vuokraus, my\u00f6s kalojen nostopaikkaa koskevan vuokrauksen olisi tullut alun alkaen saada tasa-arvoinen ja julkinen k\u00e4sittely kaupungin luottamuselimiss\u00e4 ja ennen hankkeen etenemist\u00e4 olisi tullut varmistaa, ett\u00e4 sill\u00e4 on kaupungin tuki<\/p>\n","protected":false},"excerpt":{"rendered":"<p>Kirjallinen vastalause koskien v\u00e4liaikaisen valiokunnan lausuntoa konsernijohdon menettelytavasta Pietarsaaren Satama Oy:n ja Ekofish Ab:n v\u00e4lisen vuokrasopimuksen k\u00e4sittelyss\u00e4. Tilap\u00e4inen valiokunta asetettiin tarkistamaan, antoiko kaupunginhallitus tyydytt\u00e4v\u00e4n vastauksen valtuutettu Anna-Maija Lyyran 16.9.2019 esitt\u00e4m\u00e4\u00e4n kirjalliseen kysymykseen ja onko kaupungin konsernijohto toiminut vuokrasopimuksen suhteen asianmukaisesti. Mielest\u00e4ni, toisin kuin tilap\u00e4isen valiokunnan lausunnossa todetaan, Pietarsaaren kaupungin konsernijohto ei ole toiminut asianmukaisesti Satama [&hellip;]<\/p>\n","protected":false},"author":1021,"featured_media":0,"parent":0,"menu_order":0,"comment_status":"closed","ping_status":"closed","template":"","meta":{"_crdt_document":"","footnotes":""},"class_list":["post-26545","page","type-page","status-publish","hentry"],"yoast_head":"<!-- This site is optimized with the Yoast SEO plugin v27.1.1 - https:\/\/yoast.com\/product\/yoast-seo-wordpress\/ -->\n<title>Vihreiden vastalause valiokunnan lausuntoon - Pietarsaaren Vihre\u00e4t - De Gr\u00f6na i Jakobstad<\/title>\n<meta name=\"robots\" content=\"index, follow, max-snippet:-1, max-image-preview:large, max-video-preview:-1\" \/>\n<link rel=\"canonical\" href=\"https:\/\/yhdistykset.vihreat.fi\/pietarsaaren.vihreat\/vihreiden-vastalause-valiokunnan-lausuntoon\/\" \/>\n<meta property=\"og:locale\" content=\"fi_FI\" \/>\n<meta property=\"og:type\" content=\"article\" \/>\n<meta property=\"og:title\" content=\"Vihreiden vastalause valiokunnan lausuntoon - Pietarsaaren Vihre\u00e4t - De Gr\u00f6na i Jakobstad\" \/>\n<meta property=\"og:description\" content=\"Kirjallinen vastalause koskien v\u00e4liaikaisen valiokunnan lausuntoa konsernijohdon menettelytavasta Pietarsaaren Satama Oy:n ja Ekofish Ab:n v\u00e4lisen vuokrasopimuksen k\u00e4sittelyss\u00e4. Tilap\u00e4inen valiokunta asetettiin tarkistamaan, antoiko kaupunginhallitus tyydytt\u00e4v\u00e4n vastauksen valtuutettu Anna-Maija Lyyran 16.9.2019 esitt\u00e4m\u00e4\u00e4n kirjalliseen kysymykseen ja onko kaupungin konsernijohto toiminut vuokrasopimuksen suhteen asianmukaisesti. Mielest\u00e4ni, toisin kuin tilap\u00e4isen valiokunnan lausunnossa todetaan, Pietarsaaren kaupungin konsernijohto ei ole toiminut asianmukaisesti Satama [&hellip;]\" \/>\n<meta property=\"og:url\" content=\"https:\/\/yhdistykset.vihreat.fi\/pietarsaaren.vihreat\/vihreiden-vastalause-valiokunnan-lausuntoon\/\" \/>\n<meta property=\"og:site_name\" content=\"Pietarsaaren Vihre\u00e4t - De Gr\u00f6na i Jakobstad\" \/>\n<meta property=\"article:publisher\" content=\"https:\/\/www.facebook.com\/DeGrona\" \/>\n<meta name=\"twitter:card\" content=\"summary_large_image\" \/>\n<meta name=\"twitter:label1\" content=\"Arvioitu lukuaika\" \/>\n\t<meta name=\"twitter:data1\" content=\"3 minuuttia\" \/>\n<script type=\"application\/ld+json\" class=\"yoast-schema-graph\">{\"@context\":\"https:\/\/schema.org\",\"@graph\":[{\"@type\":\"WebPage\",\"@id\":\"https:\/\/yhdistykset.vihreat.fi\/pietarsaaren.vihreat\/vihreiden-vastalause-valiokunnan-lausuntoon\/\",\"url\":\"https:\/\/yhdistykset.vihreat.fi\/pietarsaaren.vihreat\/vihreiden-vastalause-valiokunnan-lausuntoon\/\",\"name\":\"Vihreiden vastalause valiokunnan lausuntoon - Pietarsaaren Vihre\u00e4t - De Gr\u00f6na i Jakobstad\",\"isPartOf\":{\"@id\":\"https:\/\/yhdistykset.vihreat.fi\/pietarsaaren.vihreat\/#website\"},\"datePublished\":\"2020-09-22T12:47:27+00:00\",\"breadcrumb\":{\"@id\":\"https:\/\/yhdistykset.vihreat.fi\/pietarsaaren.vihreat\/vihreiden-vastalause-valiokunnan-lausuntoon\/#breadcrumb\"},\"inLanguage\":\"fi\",\"potentialAction\":[{\"@type\":\"ReadAction\",\"target\":[\"https:\/\/yhdistykset.vihreat.fi\/pietarsaaren.vihreat\/vihreiden-vastalause-valiokunnan-lausuntoon\/\"]}]},{\"@type\":\"BreadcrumbList\",\"@id\":\"https:\/\/yhdistykset.vihreat.fi\/pietarsaaren.vihreat\/vihreiden-vastalause-valiokunnan-lausuntoon\/#breadcrumb\",\"itemListElement\":[{\"@type\":\"ListItem\",\"position\":1,\"name\":\"Home\",\"item\":\"https:\/\/yhdistykset.vihreat.fi\/pietarsaaren.vihreat\/\"},{\"@type\":\"ListItem\",\"position\":2,\"name\":\"Vihreiden vastalause valiokunnan lausuntoon\"}]},{\"@type\":\"WebSite\",\"@id\":\"https:\/\/yhdistykset.vihreat.fi\/pietarsaaren.vihreat\/#website\",\"url\":\"https:\/\/yhdistykset.vihreat.fi\/pietarsaaren.vihreat\/\",\"name\":\"Pietarsaaren Vihre\u00e4t - De Gr\u00f6na i Jakobstad\",\"description\":\"N\u00e4yt\u00e4 luontosi ja \u00e4\u00e4nest\u00e4\",\"publisher\":{\"@id\":\"https:\/\/yhdistykset.vihreat.fi\/pietarsaaren.vihreat\/#organization\"},\"potentialAction\":[{\"@type\":\"SearchAction\",\"target\":{\"@type\":\"EntryPoint\",\"urlTemplate\":\"https:\/\/yhdistykset.vihreat.fi\/pietarsaaren.vihreat\/?s={search_term_string}\"},\"query-input\":{\"@type\":\"PropertyValueSpecification\",\"valueRequired\":true,\"valueName\":\"search_term_string\"}}],\"inLanguage\":\"fi\"},{\"@type\":\"Organization\",\"@id\":\"https:\/\/yhdistykset.vihreat.fi\/pietarsaaren.vihreat\/#organization\",\"name\":\"Pietarsaaren Vihre\u00e4t - De Gr\u00f6na i Jakobstad\",\"url\":\"https:\/\/yhdistykset.vihreat.fi\/pietarsaaren.vihreat\/\",\"logo\":{\"@type\":\"ImageObject\",\"inLanguage\":\"fi\",\"@id\":\"https:\/\/yhdistykset.vihreat.fi\/pietarsaaren.vihreat\/#\/schema\/logo\/image\/\",\"url\":\"https:\/\/yhdistykset.vihreat.fi\/pietarsaaren.vihreat\/files\/2023\/02\/Vihreat_Logo_HOR_RGB_FIN_SWE.png\",\"contentUrl\":\"https:\/\/yhdistykset.vihreat.fi\/pietarsaaren.vihreat\/files\/2023\/02\/Vihreat_Logo_HOR_RGB_FIN_SWE.png\",\"width\":1162,\"height\":409,\"caption\":\"Pietarsaaren Vihre\u00e4t - De Gr\u00f6na i Jakobstad\"},\"image\":{\"@id\":\"https:\/\/yhdistykset.vihreat.fi\/pietarsaaren.vihreat\/#\/schema\/logo\/image\/\"},\"sameAs\":[\"https:\/\/www.facebook.com\/DeGrona\",\"https:\/\/www.instagram.com\/vihreat_jeppis\"]}]}<\/script>\n<!-- \/ Yoast SEO plugin. -->","yoast_head_json":{"title":"Vihreiden vastalause valiokunnan lausuntoon - Pietarsaaren Vihre\u00e4t - De Gr\u00f6na i Jakobstad","robots":{"index":"index","follow":"follow","max-snippet":"max-snippet:-1","max-image-preview":"max-image-preview:large","max-video-preview":"max-video-preview:-1"},"canonical":"https:\/\/yhdistykset.vihreat.fi\/pietarsaaren.vihreat\/vihreiden-vastalause-valiokunnan-lausuntoon\/","og_locale":"fi_FI","og_type":"article","og_title":"Vihreiden vastalause valiokunnan lausuntoon - Pietarsaaren Vihre\u00e4t - De Gr\u00f6na i Jakobstad","og_description":"Kirjallinen vastalause koskien v\u00e4liaikaisen valiokunnan lausuntoa konsernijohdon menettelytavasta Pietarsaaren Satama Oy:n ja Ekofish Ab:n v\u00e4lisen vuokrasopimuksen k\u00e4sittelyss\u00e4. Tilap\u00e4inen valiokunta asetettiin tarkistamaan, antoiko kaupunginhallitus tyydytt\u00e4v\u00e4n vastauksen valtuutettu Anna-Maija Lyyran 16.9.2019 esitt\u00e4m\u00e4\u00e4n kirjalliseen kysymykseen ja onko kaupungin konsernijohto toiminut vuokrasopimuksen suhteen asianmukaisesti. Mielest\u00e4ni, toisin kuin tilap\u00e4isen valiokunnan lausunnossa todetaan, Pietarsaaren kaupungin konsernijohto ei ole toiminut asianmukaisesti Satama [&hellip;]","og_url":"https:\/\/yhdistykset.vihreat.fi\/pietarsaaren.vihreat\/vihreiden-vastalause-valiokunnan-lausuntoon\/","og_site_name":"Pietarsaaren Vihre\u00e4t - De Gr\u00f6na i Jakobstad","article_publisher":"https:\/\/www.facebook.com\/DeGrona","twitter_card":"summary_large_image","twitter_misc":{"Arvioitu lukuaika":"3 minuuttia"},"schema":{"@context":"https:\/\/schema.org","@graph":[{"@type":"WebPage","@id":"https:\/\/yhdistykset.vihreat.fi\/pietarsaaren.vihreat\/vihreiden-vastalause-valiokunnan-lausuntoon\/","url":"https:\/\/yhdistykset.vihreat.fi\/pietarsaaren.vihreat\/vihreiden-vastalause-valiokunnan-lausuntoon\/","name":"Vihreiden vastalause valiokunnan lausuntoon - Pietarsaaren Vihre\u00e4t - De Gr\u00f6na i Jakobstad","isPartOf":{"@id":"https:\/\/yhdistykset.vihreat.fi\/pietarsaaren.vihreat\/#website"},"datePublished":"2020-09-22T12:47:27+00:00","breadcrumb":{"@id":"https:\/\/yhdistykset.vihreat.fi\/pietarsaaren.vihreat\/vihreiden-vastalause-valiokunnan-lausuntoon\/#breadcrumb"},"inLanguage":"fi","potentialAction":[{"@type":"ReadAction","target":["https:\/\/yhdistykset.vihreat.fi\/pietarsaaren.vihreat\/vihreiden-vastalause-valiokunnan-lausuntoon\/"]}]},{"@type":"BreadcrumbList","@id":"https:\/\/yhdistykset.vihreat.fi\/pietarsaaren.vihreat\/vihreiden-vastalause-valiokunnan-lausuntoon\/#breadcrumb","itemListElement":[{"@type":"ListItem","position":1,"name":"Home","item":"https:\/\/yhdistykset.vihreat.fi\/pietarsaaren.vihreat\/"},{"@type":"ListItem","position":2,"name":"Vihreiden vastalause valiokunnan lausuntoon"}]},{"@type":"WebSite","@id":"https:\/\/yhdistykset.vihreat.fi\/pietarsaaren.vihreat\/#website","url":"https:\/\/yhdistykset.vihreat.fi\/pietarsaaren.vihreat\/","name":"Pietarsaaren Vihre\u00e4t - De Gr\u00f6na i Jakobstad","description":"N\u00e4yt\u00e4 luontosi ja \u00e4\u00e4nest\u00e4","publisher":{"@id":"https:\/\/yhdistykset.vihreat.fi\/pietarsaaren.vihreat\/#organization"},"potentialAction":[{"@type":"SearchAction","target":{"@type":"EntryPoint","urlTemplate":"https:\/\/yhdistykset.vihreat.fi\/pietarsaaren.vihreat\/?s={search_term_string}"},"query-input":{"@type":"PropertyValueSpecification","valueRequired":true,"valueName":"search_term_string"}}],"inLanguage":"fi"},{"@type":"Organization","@id":"https:\/\/yhdistykset.vihreat.fi\/pietarsaaren.vihreat\/#organization","name":"Pietarsaaren Vihre\u00e4t - De Gr\u00f6na i Jakobstad","url":"https:\/\/yhdistykset.vihreat.fi\/pietarsaaren.vihreat\/","logo":{"@type":"ImageObject","inLanguage":"fi","@id":"https:\/\/yhdistykset.vihreat.fi\/pietarsaaren.vihreat\/#\/schema\/logo\/image\/","url":"https:\/\/yhdistykset.vihreat.fi\/pietarsaaren.vihreat\/files\/2023\/02\/Vihreat_Logo_HOR_RGB_FIN_SWE.png","contentUrl":"https:\/\/yhdistykset.vihreat.fi\/pietarsaaren.vihreat\/files\/2023\/02\/Vihreat_Logo_HOR_RGB_FIN_SWE.png","width":1162,"height":409,"caption":"Pietarsaaren Vihre\u00e4t - De Gr\u00f6na i Jakobstad"},"image":{"@id":"https:\/\/yhdistykset.vihreat.fi\/pietarsaaren.vihreat\/#\/schema\/logo\/image\/"},"sameAs":["https:\/\/www.facebook.com\/DeGrona","https:\/\/www.instagram.com\/vihreat_jeppis"]}]}},"_links":{"self":[{"href":"https:\/\/yhdistykset.vihreat.fi\/pietarsaaren.vihreat\/wp-json\/wp\/v2\/pages\/26545","targetHints":{"allow":["GET"]}}],"collection":[{"href":"https:\/\/yhdistykset.vihreat.fi\/pietarsaaren.vihreat\/wp-json\/wp\/v2\/pages"}],"about":[{"href":"https:\/\/yhdistykset.vihreat.fi\/pietarsaaren.vihreat\/wp-json\/wp\/v2\/types\/page"}],"author":[{"embeddable":true,"href":"https:\/\/yhdistykset.vihreat.fi\/pietarsaaren.vihreat\/wp-json\/wp\/v2\/users\/1021"}],"replies":[{"embeddable":true,"href":"https:\/\/yhdistykset.vihreat.fi\/pietarsaaren.vihreat\/wp-json\/wp\/v2\/comments?post=26545"}],"version-history":[{"count":1,"href":"https:\/\/yhdistykset.vihreat.fi\/pietarsaaren.vihreat\/wp-json\/wp\/v2\/pages\/26545\/revisions"}],"predecessor-version":[{"id":26546,"href":"https:\/\/yhdistykset.vihreat.fi\/pietarsaaren.vihreat\/wp-json\/wp\/v2\/pages\/26545\/revisions\/26546"}],"wp:attachment":[{"href":"https:\/\/yhdistykset.vihreat.fi\/pietarsaaren.vihreat\/wp-json\/wp\/v2\/media?parent=26545"}],"curies":[{"name":"wp","href":"https:\/\/api.w.org\/{rel}","templated":true}]}}