{"id":27243,"date":"2021-12-14T15:30:11","date_gmt":"2021-12-14T13:30:11","guid":{"rendered":"https:\/\/yhdistykset.vihreat.fi\/pietarsaaren.vihreat\/?page_id=27243"},"modified":"2025-02-03T11:57:08","modified_gmt":"2025-02-03T09:57:08","slug":"bli-medlem","status":"publish","type":"page","link":"https:\/\/yhdistykset.vihreat.fi\/pietarsaaren.vihreat\/svenska\/bli-medlem\/","title":{"rendered":"Bli medlem"},"content":{"rendered":"<h2>Bli medlem!<\/h2>\n<p>Medlemskap i De Gr\u00f6na \u00e4r ett s\u00e4tt att ta st\u00e4llning till det som sker i v\u00e4rlden. Som medlem tar du del i att f\u00f6r\u00e4ndra v\u00e4rlden och att f\u00f6rsvara m\u00e4nskligheten, milj\u00f6n och dem som \u00e4r f\u00f6r svaga f\u00f6r att g\u00f6ra det sj\u00e4lva.<\/p>\n<p align=\"left\">Medlemsavgift 2025 <strong>48 \u20ac<\/strong><br \/>\nMindre bemedlade (studenter, arbetsl\u00f6sa, pension\u00e4rer, osv.): <strong>18 \u20ac<\/strong><br \/>\nAvgiften g\u00e4ller p\u00e5g\u00e5ende kalender\u00e5r.<\/p>\n<p align=\"left\">De Gr\u00f6na i Jakobstad rf grundades 1986, i dag omfattar v\u00e5r verksamhet Jakobstad med omnejd. Du \u00e4r varmt v\u00e4lkommen med i v\u00e5r verksamhet!<\/p>\n<p align=\"left\"><a title=\"bli medlem\" href=\"https:\/\/asiointi.vihreat.fi\/liittymislomake\/sv\" target=\"_blank\" rel=\"noopener noreferrer\">Fyll i kontaktformul\u00e4ret \u00bb<\/a><\/p>\n<p>&nbsp;<\/p>\n<p><a href=\"https:\/\/yhdistykset.vihreat.fi\/pietarsaaren.vihreat\/files\/2021\/12\/liity-jaseneksi.jpg\"><img loading=\"lazy\" decoding=\"async\" class=\"alignnone wp-image-27285 size-medium aligncenter\" src=\"https:\/\/yhdistykset.vihreat.fi\/pietarsaaren.vihreat\/files\/2021\/12\/liity-jaseneksi-300x300.jpg\" alt=\"Liity Vihreisiin\" width=\"300\" height=\"300\" srcset=\"https:\/\/yhdistykset.vihreat.fi\/pietarsaaren.vihreat\/files\/2021\/12\/liity-jaseneksi-300x300.jpg 300w, https:\/\/yhdistykset.vihreat.fi\/pietarsaaren.vihreat\/files\/2021\/12\/liity-jaseneksi-1024x1024.jpg 1024w, https:\/\/yhdistykset.vihreat.fi\/pietarsaaren.vihreat\/files\/2021\/12\/liity-jaseneksi-150x150.jpg 150w, https:\/\/yhdistykset.vihreat.fi\/pietarsaaren.vihreat\/files\/2021\/12\/liity-jaseneksi-768x768.jpg 768w, https:\/\/yhdistykset.vihreat.fi\/pietarsaaren.vihreat\/files\/2021\/12\/liity-jaseneksi-980x980.jpg 980w, https:\/\/yhdistykset.vihreat.fi\/pietarsaaren.vihreat\/files\/2021\/12\/liity-jaseneksi-480x480.jpg 480w, https:\/\/yhdistykset.vihreat.fi\/pietarsaaren.vihreat\/files\/2021\/12\/liity-jaseneksi.jpg 1080w\" sizes=\"auto, (max-width: 300px) 100vw, 300px\" \/><\/a><\/p>\n<h3 align=\"center\">DE GR\u00d6NAS SK\u00d6NA NYA FULLM\u00c4KTIGEGRUPP 2021!<\/h3>\n<p style=\"text-align: center;\">Hanna Palovuori (ers\u00e4ttare), Anni Teerikangas (ordinarie ledamot), Anders Kronholm (ordinarie ledamot)<\/p>\n","protected":false},"excerpt":{"rendered":"<p>Bli medlem! Medlemskap i De Gr\u00f6na \u00e4r ett s\u00e4tt att ta st\u00e4llning till det som sker i v\u00e4rlden. Som medlem tar du del i att f\u00f6r\u00e4ndra v\u00e4rlden och att f\u00f6rsvara m\u00e4nskligheten, milj\u00f6n och dem som \u00e4r f\u00f6r svaga f\u00f6r att g\u00f6ra det sj\u00e4lva. Medlemsavgift 2025 48 \u20ac Mindre bemedlade (studenter, arbetsl\u00f6sa, pension\u00e4rer, osv.): 18 \u20ac [&hellip;]<\/p>\n","protected":false},"author":1021,"featured_media":0,"parent":27126,"menu_order":0,"comment_status":"closed","ping_status":"closed","template":"","meta":{"_crdt_document":"","footnotes":""},"class_list":["post-27243","page","type-page","status-publish","hentry"],"yoast_head":"<!-- This site is optimized with the Yoast SEO plugin v27.1.1 - https:\/\/yoast.com\/product\/yoast-seo-wordpress\/ -->\n<title>Bli medlem - Pietarsaaren Vihre\u00e4t - De Gr\u00f6na i Jakobstad<\/title>\n<meta name=\"robots\" content=\"index, follow, max-snippet:-1, max-image-preview:large, max-video-preview:-1\" \/>\n<link rel=\"canonical\" href=\"https:\/\/yhdistykset.vihreat.fi\/pietarsaaren.vihreat\/svenska\/bli-medlem\/\" \/>\n<meta property=\"og:locale\" content=\"fi_FI\" \/>\n<meta property=\"og:type\" content=\"article\" \/>\n<meta property=\"og:title\" content=\"Bli medlem - Pietarsaaren Vihre\u00e4t - De Gr\u00f6na i Jakobstad\" \/>\n<meta property=\"og:description\" content=\"Bli medlem! Medlemskap i De Gr\u00f6na \u00e4r ett s\u00e4tt att ta st\u00e4llning till det som sker i v\u00e4rlden. Som medlem tar du del i att f\u00f6r\u00e4ndra v\u00e4rlden och att f\u00f6rsvara m\u00e4nskligheten, milj\u00f6n och dem som \u00e4r f\u00f6r svaga f\u00f6r att g\u00f6ra det sj\u00e4lva. Medlemsavgift 2025 48 \u20ac Mindre bemedlade (studenter, arbetsl\u00f6sa, pension\u00e4rer, osv.): 18 \u20ac [&hellip;]\" \/>\n<meta property=\"og:url\" content=\"https:\/\/yhdistykset.vihreat.fi\/pietarsaaren.vihreat\/svenska\/bli-medlem\/\" \/>\n<meta property=\"og:site_name\" content=\"Pietarsaaren Vihre\u00e4t - De Gr\u00f6na i Jakobstad\" \/>\n<meta property=\"article:publisher\" content=\"https:\/\/www.facebook.com\/DeGrona\" \/>\n<meta property=\"article:modified_time\" content=\"2025-02-03T09:57:08+00:00\" \/>\n<meta property=\"og:image\" content=\"https:\/\/yhdistykset.vihreat.fi\/pietarsaaren.vihreat\/files\/2021\/12\/liity-jaseneksi.jpg\" \/>\n\t<meta property=\"og:image:width\" content=\"1080\" \/>\n\t<meta property=\"og:image:height\" content=\"1080\" \/>\n\t<meta property=\"og:image:type\" content=\"image\/jpeg\" \/>\n<meta name=\"twitter:card\" content=\"summary_large_image\" \/>\n<meta name=\"twitter:label1\" content=\"Arvioitu lukuaika\" \/>\n\t<meta name=\"twitter:data1\" content=\"1 minuutti\" \/>\n<script type=\"application\/ld+json\" class=\"yoast-schema-graph\">{\"@context\":\"https:\/\/schema.org\",\"@graph\":[{\"@type\":\"WebPage\",\"@id\":\"https:\/\/yhdistykset.vihreat.fi\/pietarsaaren.vihreat\/svenska\/bli-medlem\/\",\"url\":\"https:\/\/yhdistykset.vihreat.fi\/pietarsaaren.vihreat\/svenska\/bli-medlem\/\",\"name\":\"Bli medlem - Pietarsaaren Vihre\u00e4t - De Gr\u00f6na i Jakobstad\",\"isPartOf\":{\"@id\":\"https:\/\/yhdistykset.vihreat.fi\/pietarsaaren.vihreat\/#website\"},\"primaryImageOfPage\":{\"@id\":\"https:\/\/yhdistykset.vihreat.fi\/pietarsaaren.vihreat\/svenska\/bli-medlem\/#primaryimage\"},\"image\":{\"@id\":\"https:\/\/yhdistykset.vihreat.fi\/pietarsaaren.vihreat\/svenska\/bli-medlem\/#primaryimage\"},\"thumbnailUrl\":\"https:\/\/yhdistykset.vihreat.fi\/pietarsaaren.vihreat\/files\/2021\/12\/liity-jaseneksi-300x300.jpg\",\"datePublished\":\"2021-12-14T13:30:11+00:00\",\"dateModified\":\"2025-02-03T09:57:08+00:00\",\"breadcrumb\":{\"@id\":\"https:\/\/yhdistykset.vihreat.fi\/pietarsaaren.vihreat\/svenska\/bli-medlem\/#breadcrumb\"},\"inLanguage\":\"fi\",\"potentialAction\":[{\"@type\":\"ReadAction\",\"target\":[\"https:\/\/yhdistykset.vihreat.fi\/pietarsaaren.vihreat\/svenska\/bli-medlem\/\"]}]},{\"@type\":\"ImageObject\",\"inLanguage\":\"fi\",\"@id\":\"https:\/\/yhdistykset.vihreat.fi\/pietarsaaren.vihreat\/svenska\/bli-medlem\/#primaryimage\",\"url\":\"https:\/\/yhdistykset.vihreat.fi\/pietarsaaren.vihreat\/files\/2021\/12\/liity-jaseneksi.jpg\",\"contentUrl\":\"https:\/\/yhdistykset.vihreat.fi\/pietarsaaren.vihreat\/files\/2021\/12\/liity-jaseneksi.jpg\",\"width\":1080,\"height\":1080,\"caption\":\"Liity Vihreisiin\"},{\"@type\":\"BreadcrumbList\",\"@id\":\"https:\/\/yhdistykset.vihreat.fi\/pietarsaaren.vihreat\/svenska\/bli-medlem\/#breadcrumb\",\"itemListElement\":[{\"@type\":\"ListItem\",\"position\":1,\"name\":\"Home\",\"item\":\"https:\/\/yhdistykset.vihreat.fi\/pietarsaaren.vihreat\/\"},{\"@type\":\"ListItem\",\"position\":2,\"name\":\"De Gr\u00f6na i Jakobstad \u2013 Pietarsaaren Vihre\u00e4t\",\"item\":\"https:\/\/yhdistykset.vihreat.fi\/pietarsaaren.vihreat\/svenska\/\"},{\"@type\":\"ListItem\",\"position\":3,\"name\":\"Bli medlem\"}]},{\"@type\":\"WebSite\",\"@id\":\"https:\/\/yhdistykset.vihreat.fi\/pietarsaaren.vihreat\/#website\",\"url\":\"https:\/\/yhdistykset.vihreat.fi\/pietarsaaren.vihreat\/\",\"name\":\"Pietarsaaren Vihre\u00e4t - De Gr\u00f6na i Jakobstad\",\"description\":\"N\u00e4yt\u00e4 luontosi ja \u00e4\u00e4nest\u00e4\",\"publisher\":{\"@id\":\"https:\/\/yhdistykset.vihreat.fi\/pietarsaaren.vihreat\/#organization\"},\"potentialAction\":[{\"@type\":\"SearchAction\",\"target\":{\"@type\":\"EntryPoint\",\"urlTemplate\":\"https:\/\/yhdistykset.vihreat.fi\/pietarsaaren.vihreat\/?s={search_term_string}\"},\"query-input\":{\"@type\":\"PropertyValueSpecification\",\"valueRequired\":true,\"valueName\":\"search_term_string\"}}],\"inLanguage\":\"fi\"},{\"@type\":\"Organization\",\"@id\":\"https:\/\/yhdistykset.vihreat.fi\/pietarsaaren.vihreat\/#organization\",\"name\":\"Pietarsaaren Vihre\u00e4t - De Gr\u00f6na i Jakobstad\",\"url\":\"https:\/\/yhdistykset.vihreat.fi\/pietarsaaren.vihreat\/\",\"logo\":{\"@type\":\"ImageObject\",\"inLanguage\":\"fi\",\"@id\":\"https:\/\/yhdistykset.vihreat.fi\/pietarsaaren.vihreat\/#\/schema\/logo\/image\/\",\"url\":\"https:\/\/yhdistykset.vihreat.fi\/pietarsaaren.vihreat\/files\/2023\/02\/Vihreat_Logo_HOR_RGB_FIN_SWE.png\",\"contentUrl\":\"https:\/\/yhdistykset.vihreat.fi\/pietarsaaren.vihreat\/files\/2023\/02\/Vihreat_Logo_HOR_RGB_FIN_SWE.png\",\"width\":1162,\"height\":409,\"caption\":\"Pietarsaaren Vihre\u00e4t - De Gr\u00f6na i Jakobstad\"},\"image\":{\"@id\":\"https:\/\/yhdistykset.vihreat.fi\/pietarsaaren.vihreat\/#\/schema\/logo\/image\/\"},\"sameAs\":[\"https:\/\/www.facebook.com\/DeGrona\",\"https:\/\/www.instagram.com\/vihreat_jeppis\"]}]}<\/script>\n<!-- \/ Yoast SEO plugin. -->","yoast_head_json":{"title":"Bli medlem - Pietarsaaren Vihre\u00e4t - De Gr\u00f6na i Jakobstad","robots":{"index":"index","follow":"follow","max-snippet":"max-snippet:-1","max-image-preview":"max-image-preview:large","max-video-preview":"max-video-preview:-1"},"canonical":"https:\/\/yhdistykset.vihreat.fi\/pietarsaaren.vihreat\/svenska\/bli-medlem\/","og_locale":"fi_FI","og_type":"article","og_title":"Bli medlem - Pietarsaaren Vihre\u00e4t - De Gr\u00f6na i Jakobstad","og_description":"Bli medlem! Medlemskap i De Gr\u00f6na \u00e4r ett s\u00e4tt att ta st\u00e4llning till det som sker i v\u00e4rlden. Som medlem tar du del i att f\u00f6r\u00e4ndra v\u00e4rlden och att f\u00f6rsvara m\u00e4nskligheten, milj\u00f6n och dem som \u00e4r f\u00f6r svaga f\u00f6r att g\u00f6ra det sj\u00e4lva. Medlemsavgift 2025 48 \u20ac Mindre bemedlade (studenter, arbetsl\u00f6sa, pension\u00e4rer, osv.): 18 \u20ac [&hellip;]","og_url":"https:\/\/yhdistykset.vihreat.fi\/pietarsaaren.vihreat\/svenska\/bli-medlem\/","og_site_name":"Pietarsaaren Vihre\u00e4t - De Gr\u00f6na i Jakobstad","article_publisher":"https:\/\/www.facebook.com\/DeGrona","article_modified_time":"2025-02-03T09:57:08+00:00","og_image":[{"width":1080,"height":1080,"url":"https:\/\/yhdistykset.vihreat.fi\/pietarsaaren.vihreat\/files\/2021\/12\/liity-jaseneksi.jpg","type":"image\/jpeg"}],"twitter_card":"summary_large_image","twitter_misc":{"Arvioitu lukuaika":"1 minuutti"},"schema":{"@context":"https:\/\/schema.org","@graph":[{"@type":"WebPage","@id":"https:\/\/yhdistykset.vihreat.fi\/pietarsaaren.vihreat\/svenska\/bli-medlem\/","url":"https:\/\/yhdistykset.vihreat.fi\/pietarsaaren.vihreat\/svenska\/bli-medlem\/","name":"Bli medlem - Pietarsaaren Vihre\u00e4t - De Gr\u00f6na i Jakobstad","isPartOf":{"@id":"https:\/\/yhdistykset.vihreat.fi\/pietarsaaren.vihreat\/#website"},"primaryImageOfPage":{"@id":"https:\/\/yhdistykset.vihreat.fi\/pietarsaaren.vihreat\/svenska\/bli-medlem\/#primaryimage"},"image":{"@id":"https:\/\/yhdistykset.vihreat.fi\/pietarsaaren.vihreat\/svenska\/bli-medlem\/#primaryimage"},"thumbnailUrl":"https:\/\/yhdistykset.vihreat.fi\/pietarsaaren.vihreat\/files\/2021\/12\/liity-jaseneksi-300x300.jpg","datePublished":"2021-12-14T13:30:11+00:00","dateModified":"2025-02-03T09:57:08+00:00","breadcrumb":{"@id":"https:\/\/yhdistykset.vihreat.fi\/pietarsaaren.vihreat\/svenska\/bli-medlem\/#breadcrumb"},"inLanguage":"fi","potentialAction":[{"@type":"ReadAction","target":["https:\/\/yhdistykset.vihreat.fi\/pietarsaaren.vihreat\/svenska\/bli-medlem\/"]}]},{"@type":"ImageObject","inLanguage":"fi","@id":"https:\/\/yhdistykset.vihreat.fi\/pietarsaaren.vihreat\/svenska\/bli-medlem\/#primaryimage","url":"https:\/\/yhdistykset.vihreat.fi\/pietarsaaren.vihreat\/files\/2021\/12\/liity-jaseneksi.jpg","contentUrl":"https:\/\/yhdistykset.vihreat.fi\/pietarsaaren.vihreat\/files\/2021\/12\/liity-jaseneksi.jpg","width":1080,"height":1080,"caption":"Liity Vihreisiin"},{"@type":"BreadcrumbList","@id":"https:\/\/yhdistykset.vihreat.fi\/pietarsaaren.vihreat\/svenska\/bli-medlem\/#breadcrumb","itemListElement":[{"@type":"ListItem","position":1,"name":"Home","item":"https:\/\/yhdistykset.vihreat.fi\/pietarsaaren.vihreat\/"},{"@type":"ListItem","position":2,"name":"De Gr\u00f6na i Jakobstad \u2013 Pietarsaaren Vihre\u00e4t","item":"https:\/\/yhdistykset.vihreat.fi\/pietarsaaren.vihreat\/svenska\/"},{"@type":"ListItem","position":3,"name":"Bli medlem"}]},{"@type":"WebSite","@id":"https:\/\/yhdistykset.vihreat.fi\/pietarsaaren.vihreat\/#website","url":"https:\/\/yhdistykset.vihreat.fi\/pietarsaaren.vihreat\/","name":"Pietarsaaren Vihre\u00e4t - De Gr\u00f6na i Jakobstad","description":"N\u00e4yt\u00e4 luontosi ja \u00e4\u00e4nest\u00e4","publisher":{"@id":"https:\/\/yhdistykset.vihreat.fi\/pietarsaaren.vihreat\/#organization"},"potentialAction":[{"@type":"SearchAction","target":{"@type":"EntryPoint","urlTemplate":"https:\/\/yhdistykset.vihreat.fi\/pietarsaaren.vihreat\/?s={search_term_string}"},"query-input":{"@type":"PropertyValueSpecification","valueRequired":true,"valueName":"search_term_string"}}],"inLanguage":"fi"},{"@type":"Organization","@id":"https:\/\/yhdistykset.vihreat.fi\/pietarsaaren.vihreat\/#organization","name":"Pietarsaaren Vihre\u00e4t - De Gr\u00f6na i Jakobstad","url":"https:\/\/yhdistykset.vihreat.fi\/pietarsaaren.vihreat\/","logo":{"@type":"ImageObject","inLanguage":"fi","@id":"https:\/\/yhdistykset.vihreat.fi\/pietarsaaren.vihreat\/#\/schema\/logo\/image\/","url":"https:\/\/yhdistykset.vihreat.fi\/pietarsaaren.vihreat\/files\/2023\/02\/Vihreat_Logo_HOR_RGB_FIN_SWE.png","contentUrl":"https:\/\/yhdistykset.vihreat.fi\/pietarsaaren.vihreat\/files\/2023\/02\/Vihreat_Logo_HOR_RGB_FIN_SWE.png","width":1162,"height":409,"caption":"Pietarsaaren Vihre\u00e4t - De Gr\u00f6na i Jakobstad"},"image":{"@id":"https:\/\/yhdistykset.vihreat.fi\/pietarsaaren.vihreat\/#\/schema\/logo\/image\/"},"sameAs":["https:\/\/www.facebook.com\/DeGrona","https:\/\/www.instagram.com\/vihreat_jeppis"]}]}},"_links":{"self":[{"href":"https:\/\/yhdistykset.vihreat.fi\/pietarsaaren.vihreat\/wp-json\/wp\/v2\/pages\/27243","targetHints":{"allow":["GET"]}}],"collection":[{"href":"https:\/\/yhdistykset.vihreat.fi\/pietarsaaren.vihreat\/wp-json\/wp\/v2\/pages"}],"about":[{"href":"https:\/\/yhdistykset.vihreat.fi\/pietarsaaren.vihreat\/wp-json\/wp\/v2\/types\/page"}],"author":[{"embeddable":true,"href":"https:\/\/yhdistykset.vihreat.fi\/pietarsaaren.vihreat\/wp-json\/wp\/v2\/users\/1021"}],"replies":[{"embeddable":true,"href":"https:\/\/yhdistykset.vihreat.fi\/pietarsaaren.vihreat\/wp-json\/wp\/v2\/comments?post=27243"}],"version-history":[{"count":14,"href":"https:\/\/yhdistykset.vihreat.fi\/pietarsaaren.vihreat\/wp-json\/wp\/v2\/pages\/27243\/revisions"}],"predecessor-version":[{"id":27754,"href":"https:\/\/yhdistykset.vihreat.fi\/pietarsaaren.vihreat\/wp-json\/wp\/v2\/pages\/27243\/revisions\/27754"}],"up":[{"embeddable":true,"href":"https:\/\/yhdistykset.vihreat.fi\/pietarsaaren.vihreat\/wp-json\/wp\/v2\/pages\/27126"}],"wp:attachment":[{"href":"https:\/\/yhdistykset.vihreat.fi\/pietarsaaren.vihreat\/wp-json\/wp\/v2\/media?parent=27243"}],"curies":[{"name":"wp","href":"https:\/\/api.w.org\/{rel}","templated":true}]}}