{"id":318,"date":"2021-05-23T16:24:21","date_gmt":"2021-05-23T13:24:21","guid":{"rendered":"https:\/\/yhdistykset.vihreat.fi\/raaseporin.vihreat\/?page_id=318"},"modified":"2023-01-10T12:27:49","modified_gmt":"2023-01-10T10:27:49","slug":"tanja-is","status":"publish","type":"page","link":"https:\/\/yhdistykset.vihreat.fi\/raaseporin.vihreat\/arkisto\/kuntavaalit-kommunalval-2021\/tanja-is\/","title":{"rendered":"Tanja Is"},"content":{"rendered":"<p><img loading=\"lazy\" decoding=\"async\" class=\"alignnone size-medium wp-image-308\" src=\"https:\/\/yhdistykset.vihreat.fi\/raaseporin.vihreat\/files\/2021\/05\/tanja-is-300x300.jpg\" alt=\"\" width=\"300\" height=\"300\" srcset=\"https:\/\/yhdistykset.vihreat.fi\/raaseporin.vihreat\/files\/2021\/05\/tanja-is-300x300.jpg 300w, https:\/\/yhdistykset.vihreat.fi\/raaseporin.vihreat\/files\/2021\/05\/tanja-is-1024x1024.jpg 1024w, https:\/\/yhdistykset.vihreat.fi\/raaseporin.vihreat\/files\/2021\/05\/tanja-is-150x150.jpg 150w, https:\/\/yhdistykset.vihreat.fi\/raaseporin.vihreat\/files\/2021\/05\/tanja-is-768x768.jpg 768w, https:\/\/yhdistykset.vihreat.fi\/raaseporin.vihreat\/files\/2021\/05\/tanja-is.jpg 1281w\" sizes=\"auto, (max-width: 300px) 100vw, 300px\" \/><\/p>\n<p>Kuvataiteilija, luova yritt\u00e4j\u00e4\/ toiminnanjohtaja, Tammisaari<br \/>\nBildkonstn\u00e4r, kreativ frilans\/ verksamhetsledare, Eken\u00e4s<\/p>\n<p>En plats d\u00e4r konst och kultur blandas med mjuka och gr\u00f6na v\u00e4rderingar och m\u00f6jligheter att njuta av naturen \u00e4r n\u00e4ra.<\/p>\n<p>Jag upplevde att allt detta fanns i Raseborg d\u00e5 jag flyttade hit 2014. Men vindarna har v\u00e4nt: hobbyverksamhet f\u00f6r barn och unga blir sn\u00e4vare och skolorna sk\u00e4r ner p\u00e5 kreativa \u00e4mnen. Kulturbranschen frodas inte och skogarna vill man hugga ner. Jag \u00e4r \u00f6vertygad om att vi kan g\u00f6r h\u00e5llbara\/regenerativa och l\u00f6nsamma beslut som dessutom berikar konst- och kulturbranschen.<\/p>\n<p>Jag tror p\u00e5 att vi kan g\u00f6ra v\u00e4rlden b\u00e4ttre n\u00e4r vi inser att v\u00e4lm\u00e5endet inte \u00e4r personligt utan kollektivt och framf\u00f6r allt planet\u00e4rt.<\/p>\n<p>***<\/p>\n<p>Paikka, jossa taide- ja kulttuuriel\u00e4m\u00e4 sek\u00e4 luonto ovat l\u00e4hell\u00e4 ja vihre\u00e4t, lempe\u00e4t arvot vallitsevat.<\/p>\n<p>Koin, ett\u00e4 n\u00e4m\u00e4 arvot l\u00f6ytyiv\u00e4t Raaseporista kun muutin t\u00e4nne 2014. Muutoksen tuulet kuitenkin puhaltavat: nuorten ja lasten harrastustoiminnasta sek\u00e4 luovista aineista kouluissa nipistet\u00e4\u00e4n. Kulttuuriala k\u00e4rvistelee ja metsi\u00e4 uhkaa hakkuut. Uskon, ett\u00e4 voimme kunnassa tehd\u00e4 kannattavia, johdonmukaisia ja ekologisia ratkaisuja sek\u00e4 el\u00e4v\u00f6itt\u00e4\u00e4 taide- ja kulttuurialaa, joka on kunnan hyvinvoinnin kannalta ehdoton.<\/p>\n<p>Hyvinvointi ei ole henkil\u00f6kohtainen asia, se on kollektiivista ja ennen kaikkea planetaarinen.<\/p>\n","protected":false},"excerpt":{"rendered":"<p>Kuvataiteilija, luova yritt\u00e4j\u00e4\/ toiminnanjohtaja, Tammisaari Bildkonstn\u00e4r, kreativ frilans\/ verksamhetsledare, Eken\u00e4s En plats d\u00e4r konst och kultur blandas med mjuka och gr\u00f6na v\u00e4rderingar och m\u00f6jligheter att njuta av naturen \u00e4r n\u00e4ra. Jag upplevde att allt detta fanns i Raseborg d\u00e5 jag flyttade hit 2014. Men vindarna har v\u00e4nt: hobbyverksamhet f\u00f6r barn och unga blir sn\u00e4vare och [&hellip;]<\/p>\n","protected":false},"author":633,"featured_media":0,"parent":242,"menu_order":5,"comment_status":"closed","ping_status":"closed","template":"","meta":{"footnotes":""},"class_list":["post-318","page","type-page","status-publish","hentry"],"_links":{"self":[{"href":"https:\/\/yhdistykset.vihreat.fi\/raaseporin.vihreat\/wp-json\/wp\/v2\/pages\/318","targetHints":{"allow":["GET"]}}],"collection":[{"href":"https:\/\/yhdistykset.vihreat.fi\/raaseporin.vihreat\/wp-json\/wp\/v2\/pages"}],"about":[{"href":"https:\/\/yhdistykset.vihreat.fi\/raaseporin.vihreat\/wp-json\/wp\/v2\/types\/page"}],"author":[{"embeddable":true,"href":"https:\/\/yhdistykset.vihreat.fi\/raaseporin.vihreat\/wp-json\/wp\/v2\/users\/633"}],"replies":[{"embeddable":true,"href":"https:\/\/yhdistykset.vihreat.fi\/raaseporin.vihreat\/wp-json\/wp\/v2\/comments?post=318"}],"version-history":[{"count":1,"href":"https:\/\/yhdistykset.vihreat.fi\/raaseporin.vihreat\/wp-json\/wp\/v2\/pages\/318\/revisions"}],"predecessor-version":[{"id":319,"href":"https:\/\/yhdistykset.vihreat.fi\/raaseporin.vihreat\/wp-json\/wp\/v2\/pages\/318\/revisions\/319"}],"up":[{"embeddable":true,"href":"https:\/\/yhdistykset.vihreat.fi\/raaseporin.vihreat\/wp-json\/wp\/v2\/pages\/242"}],"wp:attachment":[{"href":"https:\/\/yhdistykset.vihreat.fi\/raaseporin.vihreat\/wp-json\/wp\/v2\/media?parent=318"}],"curies":[{"name":"wp","href":"https:\/\/api.w.org\/{rel}","templated":true}]}}