{"id":333,"date":"2021-05-23T16:40:37","date_gmt":"2021-05-23T13:40:37","guid":{"rendered":"https:\/\/yhdistykset.vihreat.fi\/raaseporin.vihreat\/?page_id=333"},"modified":"2023-01-10T12:28:26","modified_gmt":"2023-01-10T10:28:26","slug":"cynthia-moed-ring","status":"publish","type":"page","link":"https:\/\/yhdistykset.vihreat.fi\/raaseporin.vihreat\/arkisto\/kuntavaalit-kommunalval-2021\/cynthia-moed-ring\/","title":{"rendered":"Cynthia Moed-Ring"},"content":{"rendered":"<p><img loading=\"lazy\" decoding=\"async\" class=\"alignnone size-medium wp-image-321\" src=\"https:\/\/yhdistykset.vihreat.fi\/raaseporin.vihreat\/files\/2021\/05\/Cynthia-Moed-RIng-300x300.jpg\" alt=\"Cynthia Moed-RIng\" width=\"300\" height=\"300\" srcset=\"https:\/\/yhdistykset.vihreat.fi\/raaseporin.vihreat\/files\/2021\/05\/Cynthia-Moed-RIng-300x300.jpg 300w, https:\/\/yhdistykset.vihreat.fi\/raaseporin.vihreat\/files\/2021\/05\/Cynthia-Moed-RIng-1024x1024.jpg 1024w, https:\/\/yhdistykset.vihreat.fi\/raaseporin.vihreat\/files\/2021\/05\/Cynthia-Moed-RIng-150x150.jpg 150w, https:\/\/yhdistykset.vihreat.fi\/raaseporin.vihreat\/files\/2021\/05\/Cynthia-Moed-RIng-768x768.jpg 768w, https:\/\/yhdistykset.vihreat.fi\/raaseporin.vihreat\/files\/2021\/05\/Cynthia-Moed-RIng.jpg 1281w\" sizes=\"auto, (max-width: 300px) 100vw, 300px\" \/><\/p>\n<p>Eken\u00e4s, Tammisaari<br \/>\nFM (i naturvetenskaper), milj\u00f6inspekt\u00f6r<br \/>\nFM (luonnontieteet), ymp\u00e4rist\u00f6tarkastaja<\/p>\n<p>H\u00e5llbarhet (ekonomisk, social &amp; klimatm\u00e4ssig) \u00e4r oundvikligt och en stor m\u00f6jlighet. Raseborg beh\u00f6ver en klimatbudget som integreras i den &#8221;vanliga&#8221; budgeten.<\/p>\n<p>Lite vimsiger \u00e5 s\u00e4llsynt enviser sm\u00e5barnsmamma. F\u00f6ddes i Nederl\u00e4nderna och v\u00e4xte upp exotiskt tv\u00e5spr\u00e5kig i Gammelboda. \u00c4r stolt kommunalare som inte f\u00e5r tr\u00e5kigt n\u00e4r allt mellan br\u00e4nnolja och kokakka ligger p\u00e5 mitt bord. Konsumtions\u00e5ngesten, p.g.a. h\u00e4lsoskadliga kemikalier i varannan vardagsprodukt, blommade upp samtidigt som graviditetskulan. Klaga p\u00e5 saker och ting innan insikten infann sig att man ju borde f\u00f6rs\u00f6ka g\u00f6ra n\u00e5got \u00e5t saken. P\u00e5verka. Samarbeta. Upplysa. F\u00f6rhandla. V\u00e5ga tro att tillr\u00e4ckligt m\u00e5nga andra vill satsa p\u00e5 modig f\u00f6r\u00e4ndring. Men ensam \u00e4r inte stark, s\u00e5 vi f\u00e5r hj\u00e4lpas \u00e5t att kreativt reda upp naturresurskrediten vi levt p\u00e5 s\u00e5 l\u00e4nge!<\/p>\n<p>***<br \/>\nKest\u00e4vyys (taloudellinen, sosiaalinen ja ilmasto) on v\u00e4ltt\u00e4m\u00e4t\u00f6nt\u00e4 ja suuri mahdollisuus. Raasepori tarvitsee ilmastobudjetin osaksi tavallista budjettia.<\/p>\n<p>V\u00e4h\u00e4n hajamielinen ja itsep\u00e4inen pienten lasten \u00e4iti, joka syntyi Alankomaissa ja kasvoi eksottisesti kaksikieliseksi Gammelbodassa. Olen ylpe\u00e4 kunnan ty\u00f6ntekij\u00e4, joka ei pitk\u00e4sty vaikka kaikki poltto\u00f6ljyst\u00e4 lehm\u00e4nkakkaan p\u00e4\u00e4tyy ty\u00f6p\u00f6yd\u00e4lle.<br \/>\nKulutusahdistus &#8211; joka johtui siit\u00e4, ett\u00e4 joka toisessa arkituotteessa on terveydelle haitallisia kemikaaleja &#8211; kasvoi samaa vauhtia kuin raskausmaha. Ainaisen valittamisen j\u00e4lkeen her\u00e4si havainto, ett\u00e4 asialle pit\u00e4\u00e4 yritt\u00e4\u00e4 tehd\u00e4 jotain. Vaikuttaa. Neuvotella. Valistaa. Uskaltaa uskoa, ett\u00e4 riitt\u00e4v\u00e4n moni muukin halua panostaa rohkeaan muutokseen. Mutta yksin ei kukaan t\u00e4h\u00e4n pysty, meid\u00e4n t\u00e4ytyy tukea toisiamme ett\u00e4 voimme luovasti selviyty\u00e4 t\u00e4st\u00e4 luonnonvaravelasta, jossa olemme niin kauan el\u00e4nneet!<\/p>\n","protected":false},"excerpt":{"rendered":"<p>Eken\u00e4s, Tammisaari FM (i naturvetenskaper), milj\u00f6inspekt\u00f6r FM (luonnontieteet), ymp\u00e4rist\u00f6tarkastaja H\u00e5llbarhet (ekonomisk, social &amp; klimatm\u00e4ssig) \u00e4r oundvikligt och en stor m\u00f6jlighet. Raseborg beh\u00f6ver en klimatbudget som integreras i den &#8221;vanliga&#8221; budgeten. Lite vimsiger \u00e5 s\u00e4llsynt enviser sm\u00e5barnsmamma. F\u00f6ddes i Nederl\u00e4nderna och v\u00e4xte upp exotiskt tv\u00e5spr\u00e5kig i Gammelboda. \u00c4r stolt kommunalare som inte f\u00e5r tr\u00e5kigt n\u00e4r allt [&hellip;]<\/p>\n","protected":false},"author":633,"featured_media":0,"parent":242,"menu_order":9,"comment_status":"closed","ping_status":"closed","template":"","meta":{"footnotes":""},"class_list":["post-333","page","type-page","status-publish","hentry"],"_links":{"self":[{"href":"https:\/\/yhdistykset.vihreat.fi\/raaseporin.vihreat\/wp-json\/wp\/v2\/pages\/333","targetHints":{"allow":["GET"]}}],"collection":[{"href":"https:\/\/yhdistykset.vihreat.fi\/raaseporin.vihreat\/wp-json\/wp\/v2\/pages"}],"about":[{"href":"https:\/\/yhdistykset.vihreat.fi\/raaseporin.vihreat\/wp-json\/wp\/v2\/types\/page"}],"author":[{"embeddable":true,"href":"https:\/\/yhdistykset.vihreat.fi\/raaseporin.vihreat\/wp-json\/wp\/v2\/users\/633"}],"replies":[{"embeddable":true,"href":"https:\/\/yhdistykset.vihreat.fi\/raaseporin.vihreat\/wp-json\/wp\/v2\/comments?post=333"}],"version-history":[{"count":2,"href":"https:\/\/yhdistykset.vihreat.fi\/raaseporin.vihreat\/wp-json\/wp\/v2\/pages\/333\/revisions"}],"predecessor-version":[{"id":335,"href":"https:\/\/yhdistykset.vihreat.fi\/raaseporin.vihreat\/wp-json\/wp\/v2\/pages\/333\/revisions\/335"}],"up":[{"embeddable":true,"href":"https:\/\/yhdistykset.vihreat.fi\/raaseporin.vihreat\/wp-json\/wp\/v2\/pages\/242"}],"wp:attachment":[{"href":"https:\/\/yhdistykset.vihreat.fi\/raaseporin.vihreat\/wp-json\/wp\/v2\/media?parent=333"}],"curies":[{"name":"wp","href":"https:\/\/api.w.org\/{rel}","templated":true}]}}