{"id":336,"date":"2021-05-23T16:43:15","date_gmt":"2021-05-23T13:43:15","guid":{"rendered":"https:\/\/yhdistykset.vihreat.fi\/raaseporin.vihreat\/?page_id=336"},"modified":"2023-01-10T12:28:33","modified_gmt":"2023-01-10T10:28:33","slug":"336-2","status":"publish","type":"page","link":"https:\/\/yhdistykset.vihreat.fi\/raaseporin.vihreat\/arkisto\/kuntavaalit-kommunalval-2021\/336-2\/","title":{"rendered":"Tommi M\u00e4kel\u00e4"},"content":{"rendered":"<p><img loading=\"lazy\" decoding=\"async\" class=\"alignnone size-medium wp-image-325\" src=\"https:\/\/yhdistykset.vihreat.fi\/raaseporin.vihreat\/files\/2021\/05\/Tommi-Makela-300x300.jpg\" alt=\"Tommi M\u00e4kel\u00e4\" width=\"300\" height=\"300\" srcset=\"https:\/\/yhdistykset.vihreat.fi\/raaseporin.vihreat\/files\/2021\/05\/Tommi-Makela-300x300.jpg 300w, https:\/\/yhdistykset.vihreat.fi\/raaseporin.vihreat\/files\/2021\/05\/Tommi-Makela-1024x1024.jpg 1024w, https:\/\/yhdistykset.vihreat.fi\/raaseporin.vihreat\/files\/2021\/05\/Tommi-Makela-150x150.jpg 150w, https:\/\/yhdistykset.vihreat.fi\/raaseporin.vihreat\/files\/2021\/05\/Tommi-Makela-768x768.jpg 768w, https:\/\/yhdistykset.vihreat.fi\/raaseporin.vihreat\/files\/2021\/05\/Tommi-Makela.jpg 1281w\" sizes=\"auto, (max-width: 300px) 100vw, 300px\" \/><\/p>\n<p>Taidemaalari\/ opettaja, el\u00e4kkeell\u00e4<br \/>\nKonstn\u00e4r\/ l\u00e4rare, pensionerad<br \/>\nTenhola, Tenala<\/p>\n<p>Ty\u00f6urani aikana taidelaitoksissa olen my\u00f6s toiminut ty\u00f6suojeluvaltuutettuna.<\/p>\n<p>Kaksikielisess\u00e4 perheess\u00e4mme meill\u00e4 on 4 aikuista lasta ja 9 lastenlasta ja ajattelen paljon sit\u00e4, mitk\u00e4 ovat ne tulevaisuusn\u00e4kym\u00e4t, joita me t\u00e4n\u00e4\u00e4n luomme.<\/p>\n<p>Haluan vaikuttaa siihen, ett\u00e4 voisimme panostaa vesialueiden, metsien sek\u00e4 kaupunkimaiseman suojeluun ja vastuulliseen kehitt\u00e4miseen. Minua kiinnostaa esim. miten peltoviljelmill\u00e4 toimitaan suoja-alueiden yll\u00e4pit\u00e4misess\u00e4 j\u00e4rvien ja merenrantojen l\u00e4heisyydess\u00e4.<\/p>\n<p>El\u00e4kel\u00e4isen\u00e4 asuessani Tenholassa koen, ett\u00e4 asukkaiden liikkuminen kaupunkikylien ja keskustojen v\u00e4lill\u00e4 on yksityisautoilun varassa. Liikenneyhteyksi\u00e4 virastoihin, terveyskeskuksiin, sairaalaan ja kauppoihin tulisi kehitt\u00e4\u00e4 k\u00e4yt\u00e4nn\u00f6llisesti toimivaksi esim. luomalla pikkubussireittej\u00e4 taksimatkalun sijasta.<\/p>\n<p>Harrastan py\u00f6r\u00e4ily\u00e4 ja kalastusta sek\u00e4 viljelen luomupuutarhaa.<\/p>\n<p>***<\/p>\n<p>Varit verksam som arbetsskyddsansvarig under \u00e5ren i mitt arbetet med konstundervisningen.<\/p>\n<p>Till v\u00e5r 2-spr\u00e5kiga familj h\u00f6r 4 vuxna barn och 9 barnbarn och jag t\u00e4nker mycket p\u00e5 vilken milj\u00f6 och verklighet vi idag skapar f\u00f6r livet i framtiden. P\u00e5 hur jag skall kunna p\u00e5verka beslut f\u00f6r att \u00e5tg\u00e4rda skydd av skogar, sj\u00f6ar och havssomr\u00e5den och hur forma utvecklingen av stadsmilj\u00f6er.<\/p>\n<p>Jag \u00e4r t.ex. intresserad av hur man inom \u00e5kerbruket fungerar med att uppr\u00e4tth\u00e5lla skyddszoner i n\u00e4rheten av vattenomr\u00e5dena.<\/p>\n<p>Som pension\u00e4r, boende i Tenala, upplever jag att vi inv\u00e5nare i stadens byar \u00e4r mest beroende av privatbil f\u00f6r att kunna n\u00e5 de centrumomr\u00e5den d\u00e4r \u00e4mbetsverk, sjukhus, sjukv\u00e5rdscentraler och alla aff\u00e4rer finns. Kommunikationerna mellan dessa n\u00e4romr\u00e5den m\u00e5ste kunna l\u00f6sas praktiskt t.ex. med minibussturer i st\u00e4llet f\u00f6r taxiskjutsar.<\/p>\n<p>Mina hobbyn \u00e4r cykling och fiskande och jag odlar eko-gr\u00f6nsaker.<\/p>\n","protected":false},"excerpt":{"rendered":"<p>Taidemaalari\/ opettaja, el\u00e4kkeell\u00e4 Konstn\u00e4r\/ l\u00e4rare, pensionerad Tenhola, Tenala Ty\u00f6urani aikana taidelaitoksissa olen my\u00f6s toiminut ty\u00f6suojeluvaltuutettuna. Kaksikielisess\u00e4 perheess\u00e4mme meill\u00e4 on 4 aikuista lasta ja 9 lastenlasta ja ajattelen paljon sit\u00e4, mitk\u00e4 ovat ne tulevaisuusn\u00e4kym\u00e4t, joita me t\u00e4n\u00e4\u00e4n luomme. Haluan vaikuttaa siihen, ett\u00e4 voisimme panostaa vesialueiden, metsien sek\u00e4 kaupunkimaiseman suojeluun ja vastuulliseen kehitt\u00e4miseen. Minua kiinnostaa esim. miten [&hellip;]<\/p>\n","protected":false},"author":633,"featured_media":0,"parent":242,"menu_order":10,"comment_status":"closed","ping_status":"closed","template":"","meta":{"footnotes":""},"class_list":["post-336","page","type-page","status-publish","hentry"],"_links":{"self":[{"href":"https:\/\/yhdistykset.vihreat.fi\/raaseporin.vihreat\/wp-json\/wp\/v2\/pages\/336","targetHints":{"allow":["GET"]}}],"collection":[{"href":"https:\/\/yhdistykset.vihreat.fi\/raaseporin.vihreat\/wp-json\/wp\/v2\/pages"}],"about":[{"href":"https:\/\/yhdistykset.vihreat.fi\/raaseporin.vihreat\/wp-json\/wp\/v2\/types\/page"}],"author":[{"embeddable":true,"href":"https:\/\/yhdistykset.vihreat.fi\/raaseporin.vihreat\/wp-json\/wp\/v2\/users\/633"}],"replies":[{"embeddable":true,"href":"https:\/\/yhdistykset.vihreat.fi\/raaseporin.vihreat\/wp-json\/wp\/v2\/comments?post=336"}],"version-history":[{"count":2,"href":"https:\/\/yhdistykset.vihreat.fi\/raaseporin.vihreat\/wp-json\/wp\/v2\/pages\/336\/revisions"}],"predecessor-version":[{"id":338,"href":"https:\/\/yhdistykset.vihreat.fi\/raaseporin.vihreat\/wp-json\/wp\/v2\/pages\/336\/revisions\/338"}],"up":[{"embeddable":true,"href":"https:\/\/yhdistykset.vihreat.fi\/raaseporin.vihreat\/wp-json\/wp\/v2\/pages\/242"}],"wp:attachment":[{"href":"https:\/\/yhdistykset.vihreat.fi\/raaseporin.vihreat\/wp-json\/wp\/v2\/media?parent=336"}],"curies":[{"name":"wp","href":"https:\/\/api.w.org\/{rel}","templated":true}]}}