{"id":339,"date":"2021-05-23T16:44:52","date_gmt":"2021-05-23T13:44:52","guid":{"rendered":"https:\/\/yhdistykset.vihreat.fi\/raaseporin.vihreat\/?page_id=339"},"modified":"2023-01-10T12:28:40","modified_gmt":"2023-01-10T10:28:40","slug":"lennart-nybergh","status":"publish","type":"page","link":"https:\/\/yhdistykset.vihreat.fi\/raaseporin.vihreat\/arkisto\/kuntavaalit-kommunalval-2021\/lennart-nybergh\/","title":{"rendered":"Lennart Nybergh"},"content":{"rendered":"<p><img loading=\"lazy\" decoding=\"async\" class=\"alignnone size-medium wp-image-340\" src=\"https:\/\/yhdistykset.vihreat.fi\/raaseporin.vihreat\/files\/2021\/05\/Lennart-Nybergh-300x300.jpg\" alt=\"Lennart Nybergh\" width=\"300\" height=\"300\" srcset=\"https:\/\/yhdistykset.vihreat.fi\/raaseporin.vihreat\/files\/2021\/05\/Lennart-Nybergh-300x300.jpg 300w, https:\/\/yhdistykset.vihreat.fi\/raaseporin.vihreat\/files\/2021\/05\/Lennart-Nybergh-1024x1024.jpg 1024w, https:\/\/yhdistykset.vihreat.fi\/raaseporin.vihreat\/files\/2021\/05\/Lennart-Nybergh-150x150.jpg 150w, https:\/\/yhdistykset.vihreat.fi\/raaseporin.vihreat\/files\/2021\/05\/Lennart-Nybergh-768x768.jpg 768w, https:\/\/yhdistykset.vihreat.fi\/raaseporin.vihreat\/files\/2021\/05\/Lennart-Nybergh.jpg 1281w\" sizes=\"auto, (max-width: 300px) 100vw, 300px\" \/><\/p>\n<p>Karjaa \/ Karis<\/p>\n<p>Ekonomi, rahoitussunnittelija, biokaasun tuoksuinen is\u00e4 ja isois\u00e4.<br \/>\nRaaseporissa asunut jo kohta monta vuotta.<br \/>\nMinua innostaa vihre\u00e4 teknologia, erityisesti bioenergia. Vihreys voi olla my\u00f6s jakoavaimen varressa. Minua harmittaa asenne, ettei me kuitenkaan mit\u00e4\u00e4n ilmastonmuutokselle mahdeta. Kyll\u00e4 mahdetaan &#8211; kuntatasolla eritoten!<\/p>\n<p>Kotikuntaani haluan kehitt\u00e4\u00e4 yhteisty\u00f6ll\u00e4, en ehdottomuudella.<\/p>\n<p>Sik\u00e4li kun ymp\u00e4rist\u00f6asioilta joudan, teen k\u00e4sill\u00e4ni kaikenlaisia juttuna, omaksi ja muiden iloksi.<\/p>\n<p>***<\/p>\n<p>Ekonom, finansieringsplanerare, far och farfar med doft av biogas. Raseborgare sedan snart flera \u00e5r.<\/p>\n<p>Gr\u00f6n teknologi, speciellt bioenergi, fascinerar mej. Gr\u00f6na tankar med hylsnyckel i handen. Vem s\u00e4ger att vi inte r\u00e5r p\u00e5 klimatf\u00f6r\u00e4ndringen? Det g\u00f6r vi visst &#8211; \u00e4ven p\u00e5 kommunalniv\u00e5!<\/p>\n<p>Min hemkommun vill jag utveckla med pragmatism och samarbete.<\/p>\n<p>F\u00f6r det fall att jag har tid till \u00f6vers, sysslar jag med att pyssla och bygga, till egen och omgivningens nytta och n\u00f6je.<\/p>\n","protected":false},"excerpt":{"rendered":"<p>Karjaa \/ Karis Ekonomi, rahoitussunnittelija, biokaasun tuoksuinen is\u00e4 ja isois\u00e4. Raaseporissa asunut jo kohta monta vuotta. Minua innostaa vihre\u00e4 teknologia, erityisesti bioenergia. Vihreys voi olla my\u00f6s jakoavaimen varressa. Minua harmittaa asenne, ettei me kuitenkaan mit\u00e4\u00e4n ilmastonmuutokselle mahdeta. Kyll\u00e4 mahdetaan &#8211; kuntatasolla eritoten! Kotikuntaani haluan kehitt\u00e4\u00e4 yhteisty\u00f6ll\u00e4, en ehdottomuudella. Sik\u00e4li kun ymp\u00e4rist\u00f6asioilta joudan, teen k\u00e4sill\u00e4ni kaikenlaisia [&hellip;]<\/p>\n","protected":false},"author":633,"featured_media":0,"parent":242,"menu_order":11,"comment_status":"closed","ping_status":"closed","template":"","meta":{"footnotes":""},"class_list":["post-339","page","type-page","status-publish","hentry"],"_links":{"self":[{"href":"https:\/\/yhdistykset.vihreat.fi\/raaseporin.vihreat\/wp-json\/wp\/v2\/pages\/339","targetHints":{"allow":["GET"]}}],"collection":[{"href":"https:\/\/yhdistykset.vihreat.fi\/raaseporin.vihreat\/wp-json\/wp\/v2\/pages"}],"about":[{"href":"https:\/\/yhdistykset.vihreat.fi\/raaseporin.vihreat\/wp-json\/wp\/v2\/types\/page"}],"author":[{"embeddable":true,"href":"https:\/\/yhdistykset.vihreat.fi\/raaseporin.vihreat\/wp-json\/wp\/v2\/users\/633"}],"replies":[{"embeddable":true,"href":"https:\/\/yhdistykset.vihreat.fi\/raaseporin.vihreat\/wp-json\/wp\/v2\/comments?post=339"}],"version-history":[{"count":1,"href":"https:\/\/yhdistykset.vihreat.fi\/raaseporin.vihreat\/wp-json\/wp\/v2\/pages\/339\/revisions"}],"predecessor-version":[{"id":341,"href":"https:\/\/yhdistykset.vihreat.fi\/raaseporin.vihreat\/wp-json\/wp\/v2\/pages\/339\/revisions\/341"}],"up":[{"embeddable":true,"href":"https:\/\/yhdistykset.vihreat.fi\/raaseporin.vihreat\/wp-json\/wp\/v2\/pages\/242"}],"wp:attachment":[{"href":"https:\/\/yhdistykset.vihreat.fi\/raaseporin.vihreat\/wp-json\/wp\/v2\/media?parent=339"}],"curies":[{"name":"wp","href":"https:\/\/api.w.org\/{rel}","templated":true}]}}

<p><img loading="lazy" decoding="async" class="alignnone size-medium wp-image-340" src="https://yhdistykset.vihreat.fi/raaseporin.vihreat/files/2021/05/Lennart-Nybergh-300x300.jpg" alt="Lennart Nybergh" width="300" height="300" srcset="https://yhdistykset.vihreat.fi/raaseporin.vihreat/files/2021/05/Lennart-Nybergh-300x300.jpg 300w, https://yhdistykset.vihreat.fi/raaseporin.vihreat/files/2021/05/Lennart-Nybergh-1024x1024.jpg 1024w, https://yhdistykset.vihreat.fi/raaseporin.vihreat/files/2021/05/Lennart-Nybergh-150x150.jpg 150w, https://yhdistykset.vihreat.fi/raaseporin.vihreat/files/2021/05/Lennart-Nybergh-768x768.jpg 768w, https://yhdistykset.vihreat.fi/raaseporin.vihreat/files/2021/05/Lennart-Nybergh.jpg 1281w" sizes="auto, (max-width: 300px) 100vw, 300px" /></p>
<p>Karjaa / Karis</p>
<p>Ekonomi, rahoitussunnittelija, biokaasun tuoksuinen isä ja isoisä.<br />
Raaseporissa asunut jo kohta monta vuotta.<br />
Minua innostaa vihreä teknologia, erityisesti bioenergia. Vihreys voi olla myös jakoavaimen varressa. Minua harmittaa asenne, ettei me kuitenkaan mitään ilmastonmuutokselle mahdeta. Kyllä mahdetaan &#8211; kuntatasolla eritoten!</p>
<p>Kotikuntaani haluan kehittää yhteistyöllä, en ehdottomuudella.</p>
<p>Sikäli kun ympäristöasioilta joudan, teen käsilläni kaikenlaisia juttuna, omaksi ja muiden iloksi.</p>
<p>***</p>
<p>Ekonom, finansieringsplanerare, far och farfar med doft av biogas. Raseborgare sedan snart flera år.</p>
<p>Grön teknologi, speciellt bioenergi, fascinerar mej. Gröna tankar med hylsnyckel i handen. Vem säger att vi inte rår på klimatförändringen? Det gör vi visst &#8211; även på kommunalnivå!</p>
<p>Min hemkommun vill jag utveckla med pragmatism och samarbete.</p>
<p>För det fall att jag har tid till övers, sysslar jag med att pyssla och bygga, till egen och omgivningens nytta och nöje.</p>

<p>Karjaa / Karis Ekonomi, rahoitussunnittelija, biokaasun tuoksuinen isä ja isoisä. Raaseporissa asunut jo kohta monta vuotta. Minua innostaa vihreä teknologia, erityisesti bioenergia. Vihreys voi olla myös jakoavaimen varressa. Minua harmittaa asenne, ettei me kuitenkaan mitään ilmastonmuutokselle mahdeta. Kyllä mahdetaan &#8211; kuntatasolla eritoten! Kotikuntaani haluan kehittää yhteistyöllä, en ehdottomuudella. Sikäli kun ympäristöasioilta joudan, teen käsilläni kaikenlaisia [&hellip;]</p>
