{"id":351,"date":"2021-05-23T17:36:21","date_gmt":"2021-05-23T14:36:21","guid":{"rendered":"https:\/\/yhdistykset.vihreat.fi\/raaseporin.vihreat\/?page_id=351"},"modified":"2023-01-10T12:28:53","modified_gmt":"2023-01-10T10:28:53","slug":"kati-sointukangas","status":"publish","type":"page","link":"https:\/\/yhdistykset.vihreat.fi\/raaseporin.vihreat\/arkisto\/kuntavaalit-kommunalval-2021\/kati-sointukangas\/","title":{"rendered":"Kati Sointukangas"},"content":{"rendered":"<p><img loading=\"lazy\" decoding=\"async\" class=\"alignnone size-medium wp-image-346\" src=\"https:\/\/yhdistykset.vihreat.fi\/raaseporin.vihreat\/files\/2021\/05\/Kati-Sointukangas-300x300.jpg\" alt=\"Kati Sointukangas\" width=\"300\" height=\"300\" srcset=\"https:\/\/yhdistykset.vihreat.fi\/raaseporin.vihreat\/files\/2021\/05\/Kati-Sointukangas-300x300.jpg 300w, https:\/\/yhdistykset.vihreat.fi\/raaseporin.vihreat\/files\/2021\/05\/Kati-Sointukangas-1024x1024.jpg 1024w, https:\/\/yhdistykset.vihreat.fi\/raaseporin.vihreat\/files\/2021\/05\/Kati-Sointukangas-150x150.jpg 150w, https:\/\/yhdistykset.vihreat.fi\/raaseporin.vihreat\/files\/2021\/05\/Kati-Sointukangas-768x768.jpg 768w, https:\/\/yhdistykset.vihreat.fi\/raaseporin.vihreat\/files\/2021\/05\/Kati-Sointukangas.jpg 1281w\" sizes=\"auto, (max-width: 300px) 100vw, 300px\" \/><\/p>\n<p>Toimittaja, yritt\u00e4j\u00e4<br \/>\nJournalist, f\u00f6retagare<br \/>\nKarjaa, Karis<\/p>\n<p>Olen nelj\u00e4n lapsen \u00e4iti, koulutukseltani HTM (p\u00e4\u00e4aine ymp\u00e4rist\u00f6politiikka). Teen t\u00f6it\u00e4 toimittajana ja k\u00e4sikirjoittajana tiedeviestinn\u00e4n ja dokumenttien parissa sek\u00e4 py\u00f6rit\u00e4n Fiskarsin taiteilijaresidenssi\u00e4. Vapaa-ajallani pelaan tennist\u00e4, uin, remontoin vanhaa taloa, hoidan puutarhaa ja luen. Saan elinvoimaa taiteesta ja kulttuurista.<\/p>\n<p>Raaseporin kunnallispolitiikasta minulla on kokemusta jo 8 vuoden ajalta, joista viimeiset vuodet olen ollut sek\u00e4 valtuutettu ett\u00e4 kaupunginhallituksen j\u00e4sen. Rakastan Raaseporia ja haluan jatkaa sen kehitt\u00e4mist\u00e4 hiilineutraaliksi, elinvoimaiseksi kunnaksi, jossa kaikkien asukkaiden hyv\u00e4 el\u00e4m\u00e4 ja toimiva arki ovat p\u00e4\u00e4t\u00f6ksenteon ytimess\u00e4.<\/p>\n<p>***<\/p>\n<p>Jag \u00e4r mamma till fyra barn, till utbildningen F\u00f6M (huvud\u00e4mne milj\u00f6politik). Jag arbetar som journalist och manusf\u00f6rfattare inom vetenskapskommunikation och dokument\u00e4rfilmer samt har ansvar f\u00f6r Fiskars konstn\u00e4rsresidens. P\u00e5 min fritid spelar jag tennis,simmar, renoverar att gammalt hus, sk\u00f6ter min tr\u00e4dg\u00e5rd och l\u00e4ser. Livkraft f\u00e5r jag av konst och kultur.<\/p>\n<p>Jag har 8 \u00e5rs erfarenhet av Raseborgs kommunalpolitik, de senaste \u00e5rena har jag varit medlem i b\u00e5de fullm\u00e4ktige och stadstyrelsen. Jag \u00e4lskar Raseborg och vill forts\u00e4tta jobba f\u00f6r en koldioksidneutral och livskraftig kommun d\u00e4r omsorg om inv\u00e5narnas v\u00e4lbefinnande och en fungerande vardag \u00e4r det centrala inom beslutsfattande.<\/p>\n","protected":false},"excerpt":{"rendered":"<p>Toimittaja, yritt\u00e4j\u00e4 Journalist, f\u00f6retagare Karjaa, Karis Olen nelj\u00e4n lapsen \u00e4iti, koulutukseltani HTM (p\u00e4\u00e4aine ymp\u00e4rist\u00f6politiikka). Teen t\u00f6it\u00e4 toimittajana ja k\u00e4sikirjoittajana tiedeviestinn\u00e4n ja dokumenttien parissa sek\u00e4 py\u00f6rit\u00e4n Fiskarsin taiteilijaresidenssi\u00e4. Vapaa-ajallani pelaan tennist\u00e4, uin, remontoin vanhaa taloa, hoidan puutarhaa ja luen. Saan elinvoimaa taiteesta ja kulttuurista. Raaseporin kunnallispolitiikasta minulla on kokemusta jo 8 vuoden ajalta, joista viimeiset vuodet [&hellip;]<\/p>\n","protected":false},"author":633,"featured_media":0,"parent":242,"menu_order":13,"comment_status":"closed","ping_status":"closed","template":"","meta":{"footnotes":""},"class_list":["post-351","page","type-page","status-publish","hentry"],"_links":{"self":[{"href":"https:\/\/yhdistykset.vihreat.fi\/raaseporin.vihreat\/wp-json\/wp\/v2\/pages\/351","targetHints":{"allow":["GET"]}}],"collection":[{"href":"https:\/\/yhdistykset.vihreat.fi\/raaseporin.vihreat\/wp-json\/wp\/v2\/pages"}],"about":[{"href":"https:\/\/yhdistykset.vihreat.fi\/raaseporin.vihreat\/wp-json\/wp\/v2\/types\/page"}],"author":[{"embeddable":true,"href":"https:\/\/yhdistykset.vihreat.fi\/raaseporin.vihreat\/wp-json\/wp\/v2\/users\/633"}],"replies":[{"embeddable":true,"href":"https:\/\/yhdistykset.vihreat.fi\/raaseporin.vihreat\/wp-json\/wp\/v2\/comments?post=351"}],"version-history":[{"count":1,"href":"https:\/\/yhdistykset.vihreat.fi\/raaseporin.vihreat\/wp-json\/wp\/v2\/pages\/351\/revisions"}],"predecessor-version":[{"id":352,"href":"https:\/\/yhdistykset.vihreat.fi\/raaseporin.vihreat\/wp-json\/wp\/v2\/pages\/351\/revisions\/352"}],"up":[{"embeddable":true,"href":"https:\/\/yhdistykset.vihreat.fi\/raaseporin.vihreat\/wp-json\/wp\/v2\/pages\/242"}],"wp:attachment":[{"href":"https:\/\/yhdistykset.vihreat.fi\/raaseporin.vihreat\/wp-json\/wp\/v2\/media?parent=351"}],"curies":[{"name":"wp","href":"https:\/\/api.w.org\/{rel}","templated":true}]}}

<p><img loading="lazy" decoding="async" class="alignnone size-medium wp-image-346" src="https://yhdistykset.vihreat.fi/raaseporin.vihreat/files/2021/05/Kati-Sointukangas-300x300.jpg" alt="Kati Sointukangas" width="300" height="300" srcset="https://yhdistykset.vihreat.fi/raaseporin.vihreat/files/2021/05/Kati-Sointukangas-300x300.jpg 300w, https://yhdistykset.vihreat.fi/raaseporin.vihreat/files/2021/05/Kati-Sointukangas-1024x1024.jpg 1024w, https://yhdistykset.vihreat.fi/raaseporin.vihreat/files/2021/05/Kati-Sointukangas-150x150.jpg 150w, https://yhdistykset.vihreat.fi/raaseporin.vihreat/files/2021/05/Kati-Sointukangas-768x768.jpg 768w, https://yhdistykset.vihreat.fi/raaseporin.vihreat/files/2021/05/Kati-Sointukangas.jpg 1281w" sizes="auto, (max-width: 300px) 100vw, 300px" /></p>
<p>Toimittaja, yrittäjä<br />
Journalist, företagare<br />
Karjaa, Karis</p>
<p>Olen neljän lapsen äiti, koulutukseltani HTM (pääaine ympäristöpolitiikka). Teen töitä toimittajana ja käsikirjoittajana tiedeviestinnän ja dokumenttien parissa sekä pyöritän Fiskarsin taiteilijaresidenssiä. Vapaa-ajallani pelaan tennistä, uin, remontoin vanhaa taloa, hoidan puutarhaa ja luen. Saan elinvoimaa taiteesta ja kulttuurista.</p>
<p>Raaseporin kunnallispolitiikasta minulla on kokemusta jo 8 vuoden ajalta, joista viimeiset vuodet olen ollut sekä valtuutettu että kaupunginhallituksen jäsen. Rakastan Raaseporia ja haluan jatkaa sen kehittämistä hiilineutraaliksi, elinvoimaiseksi kunnaksi, jossa kaikkien asukkaiden hyvä elämä ja toimiva arki ovat päätöksenteon ytimessä.</p>
<p>***</p>
<p>Jag är mamma till fyra barn, till utbildningen FöM (huvudämne miljöpolitik). Jag arbetar som journalist och manusförfattare inom vetenskapskommunikation och dokumentärfilmer samt har ansvar för Fiskars konstnärsresidens. På min fritid spelar jag tennis,simmar, renoverar att gammalt hus, sköter min trädgård och läser. Livkraft får jag av konst och kultur.</p>
<p>Jag har 8 års erfarenhet av Raseborgs kommunalpolitik, de senaste årena har jag varit medlem i både fullmäktige och stadstyrelsen. Jag älskar Raseborg och vill fortsätta jobba för en koldioksidneutral och livskraftig kommun där omsorg om invånarnas välbefinnande och en fungerande vardag är det centrala inom beslutsfattande.</p>

<p>Toimittaja, yrittäjä Journalist, företagare Karjaa, Karis Olen neljän lapsen äiti, koulutukseltani HTM (pääaine ympäristöpolitiikka). Teen töitä toimittajana ja käsikirjoittajana tiedeviestinnän ja dokumenttien parissa sekä pyöritän Fiskarsin taiteilijaresidenssiä. Vapaa-ajallani pelaan tennistä, uin, remontoin vanhaa taloa, hoidan puutarhaa ja luen. Saan elinvoimaa taiteesta ja kulttuurista. Raaseporin kunnallispolitiikasta minulla on kokemusta jo 8 vuoden ajalta, joista viimeiset vuodet [&hellip;]</p>
