{"id":358,"date":"2021-05-23T17:40:18","date_gmt":"2021-05-23T14:40:18","guid":{"rendered":"https:\/\/yhdistykset.vihreat.fi\/raaseporin.vihreat\/?page_id=358"},"modified":"2023-01-10T12:30:41","modified_gmt":"2023-01-10T10:30:41","slug":"aija-takala","status":"publish","type":"page","link":"https:\/\/yhdistykset.vihreat.fi\/raaseporin.vihreat\/arkisto\/kuntavaalit-kommunalval-2021\/aija-takala\/","title":{"rendered":"Aija Takala"},"content":{"rendered":"<p><img loading=\"lazy\" decoding=\"async\" class=\"alignnone size-medium wp-image-343\" src=\"https:\/\/yhdistykset.vihreat.fi\/raaseporin.vihreat\/files\/2021\/05\/Aija-Takala-300x300.jpg\" alt=\"Aija Takala\" width=\"300\" height=\"300\" srcset=\"https:\/\/yhdistykset.vihreat.fi\/raaseporin.vihreat\/files\/2021\/05\/Aija-Takala-300x300.jpg 300w, https:\/\/yhdistykset.vihreat.fi\/raaseporin.vihreat\/files\/2021\/05\/Aija-Takala-1024x1024.jpg 1024w, https:\/\/yhdistykset.vihreat.fi\/raaseporin.vihreat\/files\/2021\/05\/Aija-Takala-150x150.jpg 150w, https:\/\/yhdistykset.vihreat.fi\/raaseporin.vihreat\/files\/2021\/05\/Aija-Takala-768x768.jpg 768w, https:\/\/yhdistykset.vihreat.fi\/raaseporin.vihreat\/files\/2021\/05\/Aija-Takala.jpg 1281w\" sizes=\"auto, (max-width: 300px) 100vw, 300px\" \/><\/p>\n<p>Tammisaari, Eken\u00e4s<br \/>\nPsykolog, psykoterapeut<br \/>\nPsykologi, psykoterapeutti<\/p>\n<p>Olen mielenterveysty\u00f6n ammattilainen jo nelj\u00e4lt\u00e4 vuosikymmenelt\u00e4 ja t\u00e4ll\u00e4 hetkell\u00e4 itsen\u00e4inen ammatinharjoittaja. Kolme lastani ovat jo lent\u00e4neet pes\u00e4st\u00e4 itsen\u00e4iseen el\u00e4m\u00e4\u00e4n.<br \/>\nVapaa-ajallani l\u00e4hden koiralenkille ja rauhoitun my\u00f6s kulttuuriel\u00e4mysten \u00e4\u00e4rell\u00e4; aina kes\u00e4isin saaristo kutsuu.<\/p>\n<p>Asetuimme perheeni kanssa Tammisaareen 30 vuotta sitten. T\u00e4\u00e4ll\u00e4 on ollut hyv\u00e4 tehd\u00e4 t\u00f6it\u00e4, kasvattaa lapset sek\u00e4 nauttia kaksikielisest\u00e4 kulttuurista ja kanssak\u00e4ymisest\u00e4.<br \/>\nHaluan olla mukana vaalimassa ja rakentamassa kaksikielist\u00e4 Raaseporia, joka panostaa kest\u00e4v\u00e4\u00e4n kehitykseen sek\u00e4 asukkaidensa yhdenvertaisuuteen ja hyvinvointiin!<\/p>\n<p>***<\/p>\n<p>Jag har jobbat inom mentalv\u00e5rden redan p\u00e5 fyra decennier och arbetar f\u00f6r tillf\u00e4llet som sj\u00e4lvst\u00e4ndig yrkesut\u00f6vare. Mina tre barn har redan l\u00e4mnat boet. P\u00e5 fritiden kopplar jag av p\u00e5 en promenad med hunden och njuter g\u00e4rna av kulturen i olika former. P\u00e5 sommaren \u00e4r det sk\u00e4rg\u00e5rden som kallar.<\/p>\n<p>Vi flyttade med familjen till Eken\u00e4s f\u00f6r 30 \u00e5r sedan. I regionen har det varit bra att arbeta, att uppfostra barnen samt att njuta av den tv\u00e5spr\u00e5kiga kulturen och umg\u00e4nget.<br \/>\nJag vill vara med att fr\u00e4mja och bygga den tv\u00e5spr\u00e5kiga Raseborg som satsar p\u00e5 h\u00e5llbar utveckling samt p\u00e5 inv\u00e5narnas j\u00e4mlikhet och v\u00e4lbefinnande!<\/p>\n<p>&nbsp;<\/p>\n","protected":false},"excerpt":{"rendered":"<p>Tammisaari, Eken\u00e4s Psykolog, psykoterapeut Psykologi, psykoterapeutti Olen mielenterveysty\u00f6n ammattilainen jo nelj\u00e4lt\u00e4 vuosikymmenelt\u00e4 ja t\u00e4ll\u00e4 hetkell\u00e4 itsen\u00e4inen ammatinharjoittaja. Kolme lastani ovat jo lent\u00e4neet pes\u00e4st\u00e4 itsen\u00e4iseen el\u00e4m\u00e4\u00e4n. Vapaa-ajallani l\u00e4hden koiralenkille ja rauhoitun my\u00f6s kulttuuriel\u00e4mysten \u00e4\u00e4rell\u00e4; aina kes\u00e4isin saaristo kutsuu. Asetuimme perheeni kanssa Tammisaareen 30 vuotta sitten. T\u00e4\u00e4ll\u00e4 on ollut hyv\u00e4 tehd\u00e4 t\u00f6it\u00e4, kasvattaa lapset sek\u00e4 nauttia kaksikielisest\u00e4 [&hellip;]<\/p>\n","protected":false},"author":633,"featured_media":0,"parent":242,"menu_order":16,"comment_status":"closed","ping_status":"closed","template":"","meta":{"footnotes":""},"class_list":["post-358","page","type-page","status-publish","hentry"],"_links":{"self":[{"href":"https:\/\/yhdistykset.vihreat.fi\/raaseporin.vihreat\/wp-json\/wp\/v2\/pages\/358","targetHints":{"allow":["GET"]}}],"collection":[{"href":"https:\/\/yhdistykset.vihreat.fi\/raaseporin.vihreat\/wp-json\/wp\/v2\/pages"}],"about":[{"href":"https:\/\/yhdistykset.vihreat.fi\/raaseporin.vihreat\/wp-json\/wp\/v2\/types\/page"}],"author":[{"embeddable":true,"href":"https:\/\/yhdistykset.vihreat.fi\/raaseporin.vihreat\/wp-json\/wp\/v2\/users\/633"}],"replies":[{"embeddable":true,"href":"https:\/\/yhdistykset.vihreat.fi\/raaseporin.vihreat\/wp-json\/wp\/v2\/comments?post=358"}],"version-history":[{"count":1,"href":"https:\/\/yhdistykset.vihreat.fi\/raaseporin.vihreat\/wp-json\/wp\/v2\/pages\/358\/revisions"}],"predecessor-version":[{"id":359,"href":"https:\/\/yhdistykset.vihreat.fi\/raaseporin.vihreat\/wp-json\/wp\/v2\/pages\/358\/revisions\/359"}],"up":[{"embeddable":true,"href":"https:\/\/yhdistykset.vihreat.fi\/raaseporin.vihreat\/wp-json\/wp\/v2\/pages\/242"}],"wp:attachment":[{"href":"https:\/\/yhdistykset.vihreat.fi\/raaseporin.vihreat\/wp-json\/wp\/v2\/media?parent=358"}],"curies":[{"name":"wp","href":"https:\/\/api.w.org\/{rel}","templated":true}]}}

<p><img loading="lazy" decoding="async" class="alignnone size-medium wp-image-343" src="https://yhdistykset.vihreat.fi/raaseporin.vihreat/files/2021/05/Aija-Takala-300x300.jpg" alt="Aija Takala" width="300" height="300" srcset="https://yhdistykset.vihreat.fi/raaseporin.vihreat/files/2021/05/Aija-Takala-300x300.jpg 300w, https://yhdistykset.vihreat.fi/raaseporin.vihreat/files/2021/05/Aija-Takala-1024x1024.jpg 1024w, https://yhdistykset.vihreat.fi/raaseporin.vihreat/files/2021/05/Aija-Takala-150x150.jpg 150w, https://yhdistykset.vihreat.fi/raaseporin.vihreat/files/2021/05/Aija-Takala-768x768.jpg 768w, https://yhdistykset.vihreat.fi/raaseporin.vihreat/files/2021/05/Aija-Takala.jpg 1281w" sizes="auto, (max-width: 300px) 100vw, 300px" /></p>
<p>Tammisaari, Ekenäs<br />
Psykolog, psykoterapeut<br />
Psykologi, psykoterapeutti</p>
<p>Olen mielenterveystyön ammattilainen jo neljältä vuosikymmeneltä ja tällä hetkellä itsenäinen ammatinharjoittaja. Kolme lastani ovat jo lentäneet pesästä itsenäiseen elämään.<br />
Vapaa-ajallani lähden koiralenkille ja rauhoitun myös kulttuurielämysten äärellä; aina kesäisin saaristo kutsuu.</p>
<p>Asetuimme perheeni kanssa Tammisaareen 30 vuotta sitten. Täällä on ollut hyvä tehdä töitä, kasvattaa lapset sekä nauttia kaksikielisestä kulttuurista ja kanssakäymisestä.<br />
Haluan olla mukana vaalimassa ja rakentamassa kaksikielistä Raaseporia, joka panostaa kestävään kehitykseen sekä asukkaidensa yhdenvertaisuuteen ja hyvinvointiin!</p>
<p>***</p>
<p>Jag har jobbat inom mentalvården redan på fyra decennier och arbetar för tillfället som självständig yrkesutövare. Mina tre barn har redan lämnat boet. På fritiden kopplar jag av på en promenad med hunden och njuter gärna av kulturen i olika former. På sommaren är det skärgården som kallar.</p>
<p>Vi flyttade med familjen till Ekenäs för 30 år sedan. I regionen har det varit bra att arbeta, att uppfostra barnen samt att njuta av den tvåspråkiga kulturen och umgänget.<br />
Jag vill vara med att främja och bygga den tvåspråkiga Raseborg som satsar på hållbar utveckling samt på invånarnas jämlikhet och välbefinnande!</p>
<p>&nbsp;</p>

<p>Tammisaari, Ekenäs Psykolog, psykoterapeut Psykologi, psykoterapeutti Olen mielenterveystyön ammattilainen jo neljältä vuosikymmeneltä ja tällä hetkellä itsenäinen ammatinharjoittaja. Kolme lastani ovat jo lentäneet pesästä itsenäiseen elämään. Vapaa-ajallani lähden koiralenkille ja rauhoitun myös kulttuurielämysten äärellä; aina kesäisin saaristo kutsuu. Asetuimme perheeni kanssa Tammisaareen 30 vuotta sitten. Täällä on ollut hyvä tehdä töitä, kasvattaa lapset sekä nauttia kaksikielisestä [&hellip;]</p>
