{"id":509,"date":"2025-03-09T15:00:48","date_gmt":"2025-03-09T13:00:48","guid":{"rendered":"https:\/\/yhdistykset.vihreat.fi\/raaseporin.vihreat\/?page_id=509"},"modified":"2025-03-24T23:09:08","modified_gmt":"2025-03-24T21:09:08","slug":"vaalit-val-2025","status":"publish","type":"page","link":"https:\/\/yhdistykset.vihreat.fi\/raaseporin.vihreat\/vaalit-val-2025\/","title":{"rendered":"Vaalit &#8211; Val 2025"},"content":{"rendered":"<p>Aluevaalit ja kuntavaalit j\u00e4rjestet\u00e4\u00e4n samanaikaisesti sunnuntaina 13.4.2025.<br \/>\nVaalip\u00e4iv\u00e4 sunnuntai 13.4.2025<br \/>\nEnnakko\u00e4\u00e4nestys Suomessa 2.\u20138.4.2025<br \/>\nEnnakko\u00e4\u00e4nestys ulkomailla 2.\u20135.4.2025<\/p>\n<div class=\"entry-content wp-block-post-content has-global-padding is-layout-constrained wp-block-post-content-is-layout-constrained\">\n<p><a href=\"https:\/\/yhdistykset.vihreat.fi\/raaseporin.vihreat\/vaalit-val-2025\/ehdokkaat-2025-kandidater-2025\/\">Vihre\u00e4t ehdokkaat Raaseporissa<\/a><\/p>\n<p>V\u00e4lf\u00e4rdsomr\u00e5desvalet och kommunalvalet f\u00f6rr\u00e4ttas samtidigt s\u00f6ndagen den 13 april 2025.<br \/>\nValdag s\u00f6ndagen den 13 april 2025.<br \/>\nF\u00f6rhandsr\u00f6stning i Finland den 2 april\u20138 april 2025<br \/>\nF\u00f6rhandsr\u00f6stning utomlands den 2 april\u20135 april 2025<\/p>\n<\/div>\n<div class=\"entry-content wp-block-post-content has-global-padding is-layout-constrained wp-block-post-content-is-layout-constrained\">\n<p><a href=\"https:\/\/yhdistykset.vihreat.fi\/raaseporin.vihreat\/vaalit-val-2025\/ehdokkaat-2025-kandidater-2025\/\">Raseborgs Gr\u00f6na kandidater\u00a0<\/a><\/p>\n<\/div>\n<section class=\"wp-block-template-part\"><\/section>\n<p>&nbsp;<\/p>\n","protected":false},"excerpt":{"rendered":"<p>Aluevaalit ja kuntavaalit j\u00e4rjestet\u00e4\u00e4n samanaikaisesti sunnuntaina 13.4.2025. Vaalip\u00e4iv\u00e4 sunnuntai 13.4.2025 Ennakko\u00e4\u00e4nestys Suomessa 2.\u20138.4.2025 Ennakko\u00e4\u00e4nestys ulkomailla 2.\u20135.4.2025 Vihre\u00e4t ehdokkaat Raaseporissa V\u00e4lf\u00e4rdsomr\u00e5desvalet och kommunalvalet f\u00f6rr\u00e4ttas samtidigt s\u00f6ndagen den 13 april 2025. Valdag s\u00f6ndagen den 13 april 2025. F\u00f6rhandsr\u00f6stning i Finland den 2 april\u20138 april 2025 F\u00f6rhandsr\u00f6stning utomlands den 2 april\u20135 april 2025 Raseborgs Gr\u00f6na kandidater\u00a0 &nbsp;<\/p>\n","protected":false},"author":633,"featured_media":0,"parent":0,"menu_order":0,"comment_status":"closed","ping_status":"closed","template":"","meta":{"footnotes":""},"class_list":["post-509","page","type-page","status-publish","hentry"],"_links":{"self":[{"href":"https:\/\/yhdistykset.vihreat.fi\/raaseporin.vihreat\/wp-json\/wp\/v2\/pages\/509","targetHints":{"allow":["GET"]}}],"collection":[{"href":"https:\/\/yhdistykset.vihreat.fi\/raaseporin.vihreat\/wp-json\/wp\/v2\/pages"}],"about":[{"href":"https:\/\/yhdistykset.vihreat.fi\/raaseporin.vihreat\/wp-json\/wp\/v2\/types\/page"}],"author":[{"embeddable":true,"href":"https:\/\/yhdistykset.vihreat.fi\/raaseporin.vihreat\/wp-json\/wp\/v2\/users\/633"}],"replies":[{"embeddable":true,"href":"https:\/\/yhdistykset.vihreat.fi\/raaseporin.vihreat\/wp-json\/wp\/v2\/comments?post=509"}],"version-history":[{"count":21,"href":"https:\/\/yhdistykset.vihreat.fi\/raaseporin.vihreat\/wp-json\/wp\/v2\/pages\/509\/revisions"}],"predecessor-version":[{"id":756,"href":"https:\/\/yhdistykset.vihreat.fi\/raaseporin.vihreat\/wp-json\/wp\/v2\/pages\/509\/revisions\/756"}],"wp:attachment":[{"href":"https:\/\/yhdistykset.vihreat.fi\/raaseporin.vihreat\/wp-json\/wp\/v2\/media?parent=509"}],"curies":[{"name":"wp","href":"https:\/\/api.w.org\/{rel}","templated":true}]}}

<p>Aluevaalit ja kuntavaalit järjestetään samanaikaisesti sunnuntaina 13.4.2025.<br />
Vaalipäivä sunnuntai 13.4.2025<br />
Ennakkoäänestys Suomessa 2.–8.4.2025<br />
Ennakkoäänestys ulkomailla 2.–5.4.2025</p>
<div class="entry-content wp-block-post-content has-global-padding is-layout-constrained wp-block-post-content-is-layout-constrained">
<p><a href="https://yhdistykset.vihreat.fi/raaseporin.vihreat/vaalit-val-2025/ehdokkaat-2025-kandidater-2025/">Vihreät ehdokkaat Raaseporissa</a></p>
<p>Välfärdsområdesvalet och kommunalvalet förrättas samtidigt söndagen den 13 april 2025.<br />
Valdag söndagen den 13 april 2025.<br />
Förhandsröstning i Finland den 2 april–8 april 2025<br />
Förhandsröstning utomlands den 2 april–5 april 2025</p>
</div>
<div class="entry-content wp-block-post-content has-global-padding is-layout-constrained wp-block-post-content-is-layout-constrained">
<p><a href="https://yhdistykset.vihreat.fi/raaseporin.vihreat/vaalit-val-2025/ehdokkaat-2025-kandidater-2025/">Raseborgs Gröna kandidater </a></p>
</div>
<section class="wp-block-template-part"></section>
<p>&nbsp;</p>

<p>Aluevaalit ja kuntavaalit järjestetään samanaikaisesti sunnuntaina 13.4.2025. Vaalipäivä sunnuntai 13.4.2025 Ennakkoäänestys Suomessa 2.–8.4.2025 Ennakkoäänestys ulkomailla 2.–5.4.2025 Vihreät ehdokkaat Raaseporissa Välfärdsområdesvalet och kommunalvalet förrättas samtidigt söndagen den 13 april 2025. Valdag söndagen den 13 april 2025. Förhandsröstning i Finland den 2 april–8 april 2025 Förhandsröstning utomlands den 2 april–5 april 2025 Raseborgs Gröna kandidater  &nbsp;</p>
