{"id":635,"date":"2025-03-21T13:48:05","date_gmt":"2025-03-21T11:48:05","guid":{"rendered":"https:\/\/yhdistykset.vihreat.fi\/raaseporin.vihreat\/?page_id=635"},"modified":"2025-03-21T13:48:05","modified_gmt":"2025-03-21T11:48:05","slug":"susanna-kankare","status":"publish","type":"page","link":"https:\/\/yhdistykset.vihreat.fi\/raaseporin.vihreat\/vaalit-val-2025\/ehdokkaat-2025-kandidater-2025\/susanna-kankare\/","title":{"rendered":"Susanna Kankare"},"content":{"rendered":"<p><img loading=\"lazy\" decoding=\"async\" class=\"alignnone size-full wp-image-636\" src=\"https:\/\/yhdistykset.vihreat.fi\/raaseporin.vihreat\/files\/2025\/03\/susku.png\" alt=\"Susanna Kankare\" width=\"250\" height=\"313\" srcset=\"https:\/\/yhdistykset.vihreat.fi\/raaseporin.vihreat\/files\/2025\/03\/susku.png 250w, https:\/\/yhdistykset.vihreat.fi\/raaseporin.vihreat\/files\/2025\/03\/susku-120x150.png 120w\" sizes=\"auto, (max-width: 250px) 100vw, 250px\" \/><\/p>\n<p><strong>Yritt\u00e4j\u00e4, yhteis\u00f6pedagogi<br \/>\nF\u00f6retagare, samh\u00e4llspedagog<\/strong><\/p>\n<p><em>&#8221;Rohkeasti Rakkaudesta Luontoon ja Yhteis\u00f6\u00f6n!&#8221;<\/em><\/p>\n<p><span style=\"font-weight: 400;\">Rohkea ja moderni maalainen. Pitk\u00e4n linjan ammattilainen sosiaalialalla, projektijohtamisessa ja yhteis\u00f6kehitt\u00e4misess\u00e4. Nyt ehdolla Raaseporin kunta- ja aluevaaleissa Vihreiss\u00e4!<\/span><\/p>\n<p><span style=\"font-weight: 400;\">Olen luonut ja johtanut projekteja, jotka vahvistavat yhteis\u00f6j\u00e4, kehitt\u00e4v\u00e4t palveluita ja edist\u00e4v\u00e4t kest\u00e4v\u00e4\u00e4 yritt\u00e4jyytt\u00e4. Ymm\u00e4rr\u00e4n peruspalveluiden merkityksen ja talouden realiteetit. Haluan p\u00e4\u00e4t\u00f6ksi\u00e4, jotka tukevat sek\u00e4 paikallista elinvoimaa ett\u00e4 ymp\u00e4rist\u00f6\u00e4.<\/span><\/p>\n<p><span style=\"font-weight: 400;\">Minulle rohkeus tarkoittaa kest\u00e4v\u00e4\u00e4 tulevaisuutta, turvallisuus toimivia peruspalveluita ja vastuullisuus n\u00e4kyy kaikessa tekemisess\u00e4ni. Rakastan Raaseporia ja haluan vahvistaa sen elinvoimaa! Tule mukaan! #Rohkeus #Turvallisuus #Vastuullisuus<\/span><\/p>\n<p>&#8221;Med mod och k\u00e4rlek till naturen och samh\u00e4llet!&#8221;<\/p>\n<p><span style=\"font-weight: 400;\">En modig och modern lantis. En m\u00e5ng\u00e5rig yrkesman inom socialt arbete, projektledning och samh\u00e4llsutveckling. St\u00e4ller nu upp i kommunal- och v\u00e4lf\u00e4rdsomr\u00e5devalet i Raseborg f\u00f6r de Gr\u00f6na!<\/span><\/p>\n<p><span style=\"font-weight: 400;\">Jag har skapat och lett projekt som st\u00e4rker samfund, utvecklar tj\u00e4nster och fr\u00e4mjar h\u00e5llbart f\u00f6retagande. Jag f\u00f6rst\u00e5r vikten av bastj\u00e4nster och ekonomins realiteter. Jag vill ha beslut som st\u00f6der b\u00e5de den lokala livskraften och milj\u00f6n.<\/span><\/p>\n<p><span style=\"font-weight: 400;\">F\u00f6r mig inneb\u00e4r mod en h\u00e5llbar framtid, trygghet en fungerande basservice och ansvarstagande i allt vi g\u00f6r. Jag \u00e4lskar Raseborg och jag vill st\u00e4rka dess livskraft! Kom med! #Mod #Trygghet #Ansvar<\/span><\/p>\n<p>&nbsp;<\/p>\n","protected":false},"excerpt":{"rendered":"<p>Yritt\u00e4j\u00e4, yhteis\u00f6pedagogi F\u00f6retagare, samh\u00e4llspedagog &#8221;Rohkeasti Rakkaudesta Luontoon ja Yhteis\u00f6\u00f6n!&#8221; Rohkea ja moderni maalainen. Pitk\u00e4n linjan ammattilainen sosiaalialalla, projektijohtamisessa ja yhteis\u00f6kehitt\u00e4misess\u00e4. Nyt ehdolla Raaseporin kunta- ja aluevaaleissa Vihreiss\u00e4! Olen luonut ja johtanut projekteja, jotka vahvistavat yhteis\u00f6j\u00e4, kehitt\u00e4v\u00e4t palveluita ja edist\u00e4v\u00e4t kest\u00e4v\u00e4\u00e4 yritt\u00e4jyytt\u00e4. Ymm\u00e4rr\u00e4n peruspalveluiden merkityksen ja talouden realiteetit. Haluan p\u00e4\u00e4t\u00f6ksi\u00e4, jotka tukevat sek\u00e4 paikallista elinvoimaa ett\u00e4 [&hellip;]<\/p>\n","protected":false},"author":633,"featured_media":0,"parent":582,"menu_order":4,"comment_status":"closed","ping_status":"closed","template":"","meta":{"footnotes":""},"class_list":["post-635","page","type-page","status-publish","hentry"],"_links":{"self":[{"href":"https:\/\/yhdistykset.vihreat.fi\/raaseporin.vihreat\/wp-json\/wp\/v2\/pages\/635","targetHints":{"allow":["GET"]}}],"collection":[{"href":"https:\/\/yhdistykset.vihreat.fi\/raaseporin.vihreat\/wp-json\/wp\/v2\/pages"}],"about":[{"href":"https:\/\/yhdistykset.vihreat.fi\/raaseporin.vihreat\/wp-json\/wp\/v2\/types\/page"}],"author":[{"embeddable":true,"href":"https:\/\/yhdistykset.vihreat.fi\/raaseporin.vihreat\/wp-json\/wp\/v2\/users\/633"}],"replies":[{"embeddable":true,"href":"https:\/\/yhdistykset.vihreat.fi\/raaseporin.vihreat\/wp-json\/wp\/v2\/comments?post=635"}],"version-history":[{"count":4,"href":"https:\/\/yhdistykset.vihreat.fi\/raaseporin.vihreat\/wp-json\/wp\/v2\/pages\/635\/revisions"}],"predecessor-version":[{"id":742,"href":"https:\/\/yhdistykset.vihreat.fi\/raaseporin.vihreat\/wp-json\/wp\/v2\/pages\/635\/revisions\/742"}],"up":[{"embeddable":true,"href":"https:\/\/yhdistykset.vihreat.fi\/raaseporin.vihreat\/wp-json\/wp\/v2\/pages\/582"}],"wp:attachment":[{"href":"https:\/\/yhdistykset.vihreat.fi\/raaseporin.vihreat\/wp-json\/wp\/v2\/media?parent=635"}],"curies":[{"name":"wp","href":"https:\/\/api.w.org\/{rel}","templated":true}]}}