{"id":663,"date":"2025-03-21T13:45:02","date_gmt":"2025-03-21T11:45:02","guid":{"rendered":"https:\/\/yhdistykset.vihreat.fi\/raaseporin.vihreat\/?page_id=663"},"modified":"2025-03-21T13:45:02","modified_gmt":"2025-03-21T11:45:02","slug":"lennart-nybergh","status":"publish","type":"page","link":"https:\/\/yhdistykset.vihreat.fi\/raaseporin.vihreat\/vaalit-val-2025\/ehdokkaat-2025-kandidater-2025\/lennart-nybergh\/","title":{"rendered":"Lennart Nybergh"},"content":{"rendered":"<p><img loading=\"lazy\" decoding=\"async\" class=\"alignnone size-full wp-image-670\" src=\"https:\/\/yhdistykset.vihreat.fi\/raaseporin.vihreat\/files\/2025\/03\/lennart.png\" alt=\"Lennart Nybergh\" width=\"250\" height=\"313\" srcset=\"https:\/\/yhdistykset.vihreat.fi\/raaseporin.vihreat\/files\/2025\/03\/lennart.png 250w, https:\/\/yhdistykset.vihreat.fi\/raaseporin.vihreat\/files\/2025\/03\/lennart-120x150.png 120w\" sizes=\"auto, (max-width: 250px) 100vw, 250px\" \/><\/p>\n<p><strong>Pension\u00e4r, ekonom<br \/>\nEl\u00e4kel\u00e4inen, ekonomi<\/strong><\/p>\n<p><em>&#8221;Gr\u00f6nt p\u00e5 b\u00e5da spr\u00e5ken&#8221;<\/em><\/p>\n<p><span style=\"font-weight: 400;\">Jag \u00e4r ekonom och pension\u00e4r med bakgrund i bankv\u00e4rlden och l\u00e5ng erfarenhet i finansierings\u00e4renden och ekonomi i allm\u00e4nhet, men ocks\u00e5 som f\u00f6retagare.\u00a0\u00a0<\/span><\/p>\n<p><span style=\"font-weight: 400;\">Jag anser att klimatf\u00f6r\u00e4ndringen ber\u00f6r oss alla &#8211; d\u00e4rf\u00f6r har var och en ansvar att bo och leva ansvarsfullt, p\u00e5 alla s\u00e4tt. V\u00e5r stad har i sin strategi uppsatt ett ambiti\u00f6st klimatm\u00e5l att vara kolneutralt \u00e5r 2030. D\u00e5 vill jag att detta ocks\u00e5 f\u00f6ljs upp och inte vattnas ner.\u00a0<\/span><\/p>\n<p><span style=\"font-weight: 400;\">Jag vill att \u201cspr\u00e5kfr\u00e5gan\u201d upph\u00f6r att vara en fr\u00e5ga. Beslut ska fattas r\u00e4ttvist och transparent s\u00e5 att alla k\u00e4nner att de blivit r\u00e4ttvist behandlade.<\/span><\/p>\n<p><em>&#8221;Vihre\u00e4 molemmilla kielill\u00e4&#8221;<\/em><\/p>\n<p><span style=\"font-weight: 400;\">Olen ekonomi ja el\u00e4kel\u00e4inen, jolla on pankkitausta ja pitk\u00e4 kokemus rahoituksesta ja taloudesta yleens\u00e4 sek\u00e4 my\u00f6s yritt\u00e4j\u00e4n\u00e4.\u00a0<\/span><\/p>\n<p><span style=\"font-weight: 400;\">Ilmastonmuutos vaikuttaa meihin kaikkiin &#8211; siksi jokaisella on vastuu el\u00e4\u00e4 vastuullisesti kaikin tavoin. Kaupunkimme on asettanut strategiassaan kunnianhimoisen ilmastotavoitteen olla hiilineutraali vuoteen 2030 menness\u00e4, joten haluan, ett\u00e4 t\u00e4t\u00e4 tavoitetta seurataan eik\u00e4 sit\u00e4 vesitet\u00e4.<\/span><\/p>\n<p><span style=\"font-weight: 400;\">Haluan, ett\u00e4 \u201dkielikysymys\u201d lakkaa olemasta ongelma. P\u00e4\u00e4t\u00f6kset on teht\u00e4v\u00e4 oikeudenmukaisesti ja avoimesti, jotta kaikki tuntevat tulleensa kohdelluiksi oikeudenmukaisesti.<\/span><\/p>\n","protected":false},"excerpt":{"rendered":"<p>Pension\u00e4r, ekonom El\u00e4kel\u00e4inen, ekonomi &#8221;Gr\u00f6nt p\u00e5 b\u00e5da spr\u00e5ken&#8221; Jag \u00e4r ekonom och pension\u00e4r med bakgrund i bankv\u00e4rlden och l\u00e5ng erfarenhet i finansierings\u00e4renden och ekonomi i allm\u00e4nhet, men ocks\u00e5 som f\u00f6retagare.\u00a0\u00a0 Jag anser att klimatf\u00f6r\u00e4ndringen ber\u00f6r oss alla &#8211; d\u00e4rf\u00f6r har var och en ansvar att bo och leva ansvarsfullt, p\u00e5 alla s\u00e4tt. V\u00e5r stad har [&hellip;]<\/p>\n","protected":false},"author":633,"featured_media":0,"parent":582,"menu_order":9,"comment_status":"closed","ping_status":"closed","template":"","meta":{"footnotes":""},"class_list":["post-663","page","type-page","status-publish","hentry"],"_links":{"self":[{"href":"https:\/\/yhdistykset.vihreat.fi\/raaseporin.vihreat\/wp-json\/wp\/v2\/pages\/663","targetHints":{"allow":["GET"]}}],"collection":[{"href":"https:\/\/yhdistykset.vihreat.fi\/raaseporin.vihreat\/wp-json\/wp\/v2\/pages"}],"about":[{"href":"https:\/\/yhdistykset.vihreat.fi\/raaseporin.vihreat\/wp-json\/wp\/v2\/types\/page"}],"author":[{"embeddable":true,"href":"https:\/\/yhdistykset.vihreat.fi\/raaseporin.vihreat\/wp-json\/wp\/v2\/users\/633"}],"replies":[{"embeddable":true,"href":"https:\/\/yhdistykset.vihreat.fi\/raaseporin.vihreat\/wp-json\/wp\/v2\/comments?post=663"}],"version-history":[{"count":8,"href":"https:\/\/yhdistykset.vihreat.fi\/raaseporin.vihreat\/wp-json\/wp\/v2\/pages\/663\/revisions"}],"predecessor-version":[{"id":739,"href":"https:\/\/yhdistykset.vihreat.fi\/raaseporin.vihreat\/wp-json\/wp\/v2\/pages\/663\/revisions\/739"}],"up":[{"embeddable":true,"href":"https:\/\/yhdistykset.vihreat.fi\/raaseporin.vihreat\/wp-json\/wp\/v2\/pages\/582"}],"wp:attachment":[{"href":"https:\/\/yhdistykset.vihreat.fi\/raaseporin.vihreat\/wp-json\/wp\/v2\/media?parent=663"}],"curies":[{"name":"wp","href":"https:\/\/api.w.org\/{rel}","templated":true}]}}

<p><img loading="lazy" decoding="async" class="alignnone size-full wp-image-670" src="https://yhdistykset.vihreat.fi/raaseporin.vihreat/files/2025/03/lennart.png" alt="Lennart Nybergh" width="250" height="313" srcset="https://yhdistykset.vihreat.fi/raaseporin.vihreat/files/2025/03/lennart.png 250w, https://yhdistykset.vihreat.fi/raaseporin.vihreat/files/2025/03/lennart-120x150.png 120w" sizes="auto, (max-width: 250px) 100vw, 250px" /></p>
<p><strong>Pensionär, ekonom<br />
Eläkeläinen, ekonomi</strong></p>
<p><em>&#8221;Grönt på båda språken&#8221;</em></p>
<p><span style="font-weight: 400;">Jag är ekonom och pensionär med bakgrund i bankvärlden och lång erfarenhet i finansieringsärenden och ekonomi i allmänhet, men också som företagare.  </span></p>
<p><span style="font-weight: 400;">Jag anser att klimatförändringen berör oss alla &#8211; därför har var och en ansvar att bo och leva ansvarsfullt, på alla sätt. Vår stad har i sin strategi uppsatt ett ambitiöst klimatmål att vara kolneutralt år 2030. Då vill jag att detta också följs upp och inte vattnas ner. </span></p>
<p><span style="font-weight: 400;">Jag vill att “språkfrågan” upphör att vara en fråga. Beslut ska fattas rättvist och transparent så att alla känner att de blivit rättvist behandlade.</span></p>
<p><em>&#8221;Vihreä molemmilla kielillä&#8221;</em></p>
<p><span style="font-weight: 400;">Olen ekonomi ja eläkeläinen, jolla on pankkitausta ja pitkä kokemus rahoituksesta ja taloudesta yleensä sekä myös yrittäjänä. </span></p>
<p><span style="font-weight: 400;">Ilmastonmuutos vaikuttaa meihin kaikkiin &#8211; siksi jokaisella on vastuu elää vastuullisesti kaikin tavoin. Kaupunkimme on asettanut strategiassaan kunnianhimoisen ilmastotavoitteen olla hiilineutraali vuoteen 2030 mennessä, joten haluan, että tätä tavoitetta seurataan eikä sitä vesitetä.</span></p>
<p><span style="font-weight: 400;">Haluan, että ”kielikysymys” lakkaa olemasta ongelma. Päätökset on tehtävä oikeudenmukaisesti ja avoimesti, jotta kaikki tuntevat tulleensa kohdelluiksi oikeudenmukaisesti.</span></p>

<p>Pensionär, ekonom Eläkeläinen, ekonomi &#8221;Grönt på båda språken&#8221; Jag är ekonom och pensionär med bakgrund i bankvärlden och lång erfarenhet i finansieringsärenden och ekonomi i allmänhet, men också som företagare.   Jag anser att klimatförändringen berör oss alla &#8211; därför har var och en ansvar att bo och leva ansvarsfullt, på alla sätt. Vår stad har [&hellip;]</p>
