{"id":7,"date":"2016-05-10T23:11:57","date_gmt":"2016-05-10T20:11:57","guid":{"rendered":"https:\/\/yhdistykset.vihreat.fi\/raaseporin.vihreat\/yhteystiedot\/"},"modified":"2026-02-03T14:23:54","modified_gmt":"2026-02-03T12:23:54","slug":"yhteystiedot","status":"publish","type":"page","link":"https:\/\/yhdistykset.vihreat.fi\/raaseporin.vihreat\/yhteystiedot\/","title":{"rendered":"Yhteystiedot -Kontaktinformation"},"content":{"rendered":"<p><strong><u>Yhdistyksen hallitus 2026 &#8211; F\u00f6reningens styrelse 2026<\/u><\/strong> (raaseporin-vihreat-hallitus\u00a0at\u00a0googlegroups.com)<br \/>\n<span style=\"font-size: 13.3333px; font-weight: normal;\"><br \/>\n<\/span>Esko Vuorinen (puheenjohtaja\/ordf\u00f6rande)<br \/>\nIra Donner<br \/>\nTanja Konttinen<br \/>\nSuvi Sj\u00f6blom<br \/>\nKati Sointukangas<br \/>\nP\u00e4ivi Viitanen<\/p>\n<p>L\u00f6yd\u00e4t meid\u00e4t my\u00f6s <a href=\"https:\/\/www.facebook.com\/raaseporinvihreat.raseborgsgrona\/?fref=ts\">Facebookista<\/a> ja <a href=\"https:\/\/www.instagram.com\/raseborgs_grona_vihreat\/\">Instagramista<\/a>.<\/p>\n<p>Du hittar oss ocks\u00e5 p\u00e5 <a href=\"https:\/\/www.facebook.com\/raaseporinvihreat.raseborgsgrona\">Facebook<\/a> och <a href=\"https:\/\/www.instagram.com\/raseborgs_grona_vihreat\/\">Instagram<\/a>.<\/p>\n<p>&nbsp;<\/p>\n","protected":false},"excerpt":{"rendered":"<p>Yhdistyksen hallitus 2026 &#8211; F\u00f6reningens styrelse 2026 (raaseporin-vihreat-hallitus\u00a0at\u00a0googlegroups.com) Esko Vuorinen (puheenjohtaja\/ordf\u00f6rande) Ira Donner Tanja Konttinen Suvi Sj\u00f6blom Kati Sointukangas P\u00e4ivi Viitanen L\u00f6yd\u00e4t meid\u00e4t my\u00f6s Facebookista ja Instagramista. Du hittar oss ocks\u00e5 p\u00e5 Facebook och Instagram. &nbsp;<\/p>\n","protected":false},"author":1,"featured_media":0,"parent":0,"menu_order":0,"comment_status":"closed","ping_status":"closed","template":"","meta":{"footnotes":""},"class_list":["post-7","page","type-page","status-publish","hentry"],"_links":{"self":[{"href":"https:\/\/yhdistykset.vihreat.fi\/raaseporin.vihreat\/wp-json\/wp\/v2\/pages\/7","targetHints":{"allow":["GET"]}}],"collection":[{"href":"https:\/\/yhdistykset.vihreat.fi\/raaseporin.vihreat\/wp-json\/wp\/v2\/pages"}],"about":[{"href":"https:\/\/yhdistykset.vihreat.fi\/raaseporin.vihreat\/wp-json\/wp\/v2\/types\/page"}],"author":[{"embeddable":true,"href":"https:\/\/yhdistykset.vihreat.fi\/raaseporin.vihreat\/wp-json\/wp\/v2\/users\/1"}],"replies":[{"embeddable":true,"href":"https:\/\/yhdistykset.vihreat.fi\/raaseporin.vihreat\/wp-json\/wp\/v2\/comments?post=7"}],"version-history":[{"count":22,"href":"https:\/\/yhdistykset.vihreat.fi\/raaseporin.vihreat\/wp-json\/wp\/v2\/pages\/7\/revisions"}],"predecessor-version":[{"id":12,"href":"https:\/\/yhdistykset.vihreat.fi\/raaseporin.vihreat\/wp-json\/wp\/v2\/pages\/7\/revisions\/12"}],"wp:attachment":[{"href":"https:\/\/yhdistykset.vihreat.fi\/raaseporin.vihreat\/wp-json\/wp\/v2\/media?parent=7"}],"curies":[{"name":"wp","href":"https:\/\/api.w.org\/{rel}","templated":true}]}}

<p><strong><u>Yhdistyksen hallitus 2026 &#8211; Föreningens styrelse 2026</u></strong> (raaseporin-vihreat-hallitus at googlegroups.com)<br />
<span style="font-size: 13.3333px; font-weight: normal;"><br />
</span>Esko Vuorinen (puheenjohtaja/ordförande)<br />
Ira Donner<br />
Tanja Konttinen<br />
Suvi Sjöblom<br />
Kati Sointukangas<br />
Päivi Viitanen</p>
<p>Löydät meidät myös <a href="https://www.facebook.com/raaseporinvihreat.raseborgsgrona/?fref=ts">Facebookista</a> ja <a href="https://www.instagram.com/raseborgs_grona_vihreat/">Instagramista</a>.</p>
<p>Du hittar oss också på <a href="https://www.facebook.com/raaseporinvihreat.raseborgsgrona">Facebook</a> och <a href="https://www.instagram.com/raseborgs_grona_vihreat/">Instagram</a>.</p>
<p>&nbsp;</p>

<p>Yhdistyksen hallitus 2026 &#8211; Föreningens styrelse 2026 (raaseporin-vihreat-hallitus at googlegroups.com) Esko Vuorinen (puheenjohtaja/ordförande) Ira Donner Tanja Konttinen Suvi Sjöblom Kati Sointukangas Päivi Viitanen Löydät meidät myös Facebookista ja Instagramista. Du hittar oss också på Facebook och Instagram. &nbsp;</p>
