{"id":716,"date":"2025-03-21T13:27:47","date_gmt":"2025-03-21T11:27:47","guid":{"rendered":"https:\/\/yhdistykset.vihreat.fi\/raaseporin.vihreat\/?page_id=716"},"modified":"2025-03-27T23:19:04","modified_gmt":"2025-03-27T21:19:04","slug":"esko-vuorinen","status":"publish","type":"page","link":"https:\/\/yhdistykset.vihreat.fi\/raaseporin.vihreat\/vaalit-val-2025\/ehdokkaat-2025-kandidater-2025\/esko-vuorinen\/","title":{"rendered":"Esko Vuorinen"},"content":{"rendered":"<p><img loading=\"lazy\" decoding=\"async\" class=\"alignnone size-full wp-image-692\" src=\"https:\/\/yhdistykset.vihreat.fi\/raaseporin.vihreat\/files\/2025\/03\/esko.png\" alt=\"Esko Vuorinen\" width=\"250\" height=\"313\" srcset=\"https:\/\/yhdistykset.vihreat.fi\/raaseporin.vihreat\/files\/2025\/03\/esko.png 250w, https:\/\/yhdistykset.vihreat.fi\/raaseporin.vihreat\/files\/2025\/03\/esko-120x150.png 120w\" sizes=\"auto, (max-width: 250px) 100vw, 250px\" \/><\/p>\n<p><strong>Yritt\u00e4j\u00e4, luonnonsuojelun asiantuntija, <\/strong><br \/>\n<strong>F\u00f6retagare, naturskyddsexpert<\/strong><\/p>\n<p><em>Kannetaan vastuumme!<\/em><\/p>\n<p>Minulle luonnonsuojelu on itsest\u00e4\u00e4nselvyys. Haluan uskoa, ett\u00e4 ihmiskunta ja muut lajit selvi\u00e4v\u00e4t, jos vain jokainen meist\u00e4 tekee sen mink\u00e4 voi luonnon suojelemiseksi ja ilmastonmuutoksen torjumiseksi. Joillakin se on pieni\u00e4 tekoja, joillakin suurempia. Kunta on toimija, jonka valinnoilla on yll\u00e4tt\u00e4v\u00e4n paljon vaikutusta. Olen asettunut ehdolle p\u00e4\u00e4tt\u00e4j\u00e4ksi sen takia, ett\u00e4 p\u00e4\u00e4t\u00f6sten vaikutuksia luonnon hyvinvointiin ei unohdettaisi. Kannetaan vastuu!<\/p>\n<p><em>L\u00e5t oss b\u00e4ra v\u00e5rt ansvar!<\/em><\/p>\n<p>F\u00f6r mig \u00e4r naturskydd en sj\u00e4lvklarhet. Jag vill tro att m\u00e4nskligheten och andra arter kan \u00f6verleva, om var och en av oss g\u00f6r vad vi kan f\u00f6r att skydda naturen och bek\u00e4mpa klimatf\u00f6r\u00e4ndringen. F\u00f6r vissa handlar det om sm\u00e5 g\u00e4rningar, f\u00f6r andra om st\u00f6rre. De val v\u00e5r hemkommun g\u00f6r har f\u00f6rv\u00e5nansv\u00e4rt stor inverkan. Jag har st\u00e4llt upp i valet till beslutsfattare just f\u00f6r att vi inte ska gl\u00f6mma bort den p\u00e5verkan v\u00e5ra beslut har p\u00e5 naturens v\u00e4lm\u00e5ende.<\/p>\n<p>&nbsp;<\/p>\n","protected":false},"excerpt":{"rendered":"<p>Yritt\u00e4j\u00e4, luonnonsuojelun asiantuntija, F\u00f6retagare, naturskyddsexpert Kannetaan vastuumme! Minulle luonnonsuojelu on itsest\u00e4\u00e4nselvyys. Haluan uskoa, ett\u00e4 ihmiskunta ja muut lajit selvi\u00e4v\u00e4t, jos vain jokainen meist\u00e4 tekee sen mink\u00e4 voi luonnon suojelemiseksi ja ilmastonmuutoksen torjumiseksi. Joillakin se on pieni\u00e4 tekoja, joillakin suurempia. Kunta on toimija, jonka valinnoilla on yll\u00e4tt\u00e4v\u00e4n paljon vaikutusta. Olen asettunut ehdolle p\u00e4\u00e4tt\u00e4j\u00e4ksi sen takia, ett\u00e4 [&hellip;]<\/p>\n","protected":false},"author":633,"featured_media":0,"parent":582,"menu_order":18,"comment_status":"closed","ping_status":"closed","template":"","meta":{"footnotes":""},"class_list":["post-716","page","type-page","status-publish","hentry"],"_links":{"self":[{"href":"https:\/\/yhdistykset.vihreat.fi\/raaseporin.vihreat\/wp-json\/wp\/v2\/pages\/716","targetHints":{"allow":["GET"]}}],"collection":[{"href":"https:\/\/yhdistykset.vihreat.fi\/raaseporin.vihreat\/wp-json\/wp\/v2\/pages"}],"about":[{"href":"https:\/\/yhdistykset.vihreat.fi\/raaseporin.vihreat\/wp-json\/wp\/v2\/types\/page"}],"author":[{"embeddable":true,"href":"https:\/\/yhdistykset.vihreat.fi\/raaseporin.vihreat\/wp-json\/wp\/v2\/users\/633"}],"replies":[{"embeddable":true,"href":"https:\/\/yhdistykset.vihreat.fi\/raaseporin.vihreat\/wp-json\/wp\/v2\/comments?post=716"}],"version-history":[{"count":4,"href":"https:\/\/yhdistykset.vihreat.fi\/raaseporin.vihreat\/wp-json\/wp\/v2\/pages\/716\/revisions"}],"predecessor-version":[{"id":777,"href":"https:\/\/yhdistykset.vihreat.fi\/raaseporin.vihreat\/wp-json\/wp\/v2\/pages\/716\/revisions\/777"}],"up":[{"embeddable":true,"href":"https:\/\/yhdistykset.vihreat.fi\/raaseporin.vihreat\/wp-json\/wp\/v2\/pages\/582"}],"wp:attachment":[{"href":"https:\/\/yhdistykset.vihreat.fi\/raaseporin.vihreat\/wp-json\/wp\/v2\/media?parent=716"}],"curies":[{"name":"wp","href":"https:\/\/api.w.org\/{rel}","templated":true}]}}

<p><img loading="lazy" decoding="async" class="alignnone size-full wp-image-692" src="https://yhdistykset.vihreat.fi/raaseporin.vihreat/files/2025/03/esko.png" alt="Esko Vuorinen" width="250" height="313" srcset="https://yhdistykset.vihreat.fi/raaseporin.vihreat/files/2025/03/esko.png 250w, https://yhdistykset.vihreat.fi/raaseporin.vihreat/files/2025/03/esko-120x150.png 120w" sizes="auto, (max-width: 250px) 100vw, 250px" /></p>
<p><strong>Yrittäjä, luonnonsuojelun asiantuntija, </strong><br />
<strong>Företagare, naturskyddsexpert</strong></p>
<p><em>Kannetaan vastuumme!</em></p>
<p>Minulle luonnonsuojelu on itsestäänselvyys. Haluan uskoa, että ihmiskunta ja muut lajit selviävät, jos vain jokainen meistä tekee sen minkä voi luonnon suojelemiseksi ja ilmastonmuutoksen torjumiseksi. Joillakin se on pieniä tekoja, joillakin suurempia. Kunta on toimija, jonka valinnoilla on yllättävän paljon vaikutusta. Olen asettunut ehdolle päättäjäksi sen takia, että päätösten vaikutuksia luonnon hyvinvointiin ei unohdettaisi. Kannetaan vastuu!</p>
<p><em>Låt oss bära vårt ansvar!</em></p>
<p>För mig är naturskydd en självklarhet. Jag vill tro att mänskligheten och andra arter kan överleva, om var och en av oss gör vad vi kan för att skydda naturen och bekämpa klimatförändringen. För vissa handlar det om små gärningar, för andra om större. De val vår hemkommun gör har förvånansvärt stor inverkan. Jag har ställt upp i valet till beslutsfattare just för att vi inte ska glömma bort den påverkan våra beslut har på naturens välmående.</p>
<p>&nbsp;</p>

<p>Yrittäjä, luonnonsuojelun asiantuntija, Företagare, naturskyddsexpert Kannetaan vastuumme! Minulle luonnonsuojelu on itsestäänselvyys. Haluan uskoa, että ihmiskunta ja muut lajit selviävät, jos vain jokainen meistä tekee sen minkä voi luonnon suojelemiseksi ja ilmastonmuutoksen torjumiseksi. Joillakin se on pieniä tekoja, joillakin suurempia. Kunta on toimija, jonka valinnoilla on yllättävän paljon vaikutusta. Olen asettunut ehdolle päättäjäksi sen takia, että [&hellip;]</p>
